{"id":835,"date":"2020-02-24T10:14:55","date_gmt":"2020-02-24T09:14:55","guid":{"rendered":"http:\/\/tousmaussanais.fr\/?page_id=835"},"modified":"2020-05-04T10:14:20","modified_gmt":"2020-05-04T08:14:20","slug":"seniors-et-action-sociale","status":"publish","type":"page","link":"https:\/\/tousmaussanais.fr\/?page_id=835","title":{"rendered":"SENIORS ET ACTION SOCIALE"},"content":{"rendered":"\n<div class=\"wp-block-image\"><figure class=\"aligncenter size-large\"><img loading=\"lazy\" width=\"1182\" height=\"1182\" src=\"https:\/\/tousmaussanais.fr\/wp-content\/uploads\/2020\/02\/Format-images-19.png\" alt=\"\" class=\"wp-image-976\" srcset=\"https:\/\/tousmaussanais.fr\/wp-content\/uploads\/2020\/02\/Format-images-19.png 1182w, https:\/\/tousmaussanais.fr\/wp-content\/uploads\/2020\/02\/Format-images-19-600x600.png 600w, https:\/\/tousmaussanais.fr\/wp-content\/uploads\/2020\/02\/Format-images-19-300x300.png 300w, https:\/\/tousmaussanais.fr\/wp-content\/uploads\/2020\/02\/Format-images-19-768x768.png 768w\" sizes=\"(max-width: 1182px) 100vw, 1182px\" \/><\/figure><\/div>\n\n\n\n<p>\u2022 <strong>Implantation au centre du village d\u2019une Maison du Bel Age\u00a0financ\u00e9e \u00e0 100 % par le D\u00e9partement\u00a0<\/strong><br>\u2022 <strong>D\u00e9veloppement de \u201cMONALISA pr\u00e9vention\u201d<\/strong> destin\u00e9e aux retrait\u00e9s <br>et futurs retrait\u00e9s pour les aider \u00e0 <strong>mieux pr\u00e9server leur capital sant\u00e9<\/strong><br>\u2022 <strong>Cr\u00e9ation d\u2019un r\u00e9seau collaboratif pour lutter contre l\u2019isolement<\/strong> et\u00a0f\u00e9d\u00e9rer les liens entre tous les maussanais<br>\u2022 <strong>Mise en place de \u201cALLO MAIRIE\u201c pour l\u2019accompagnement de\u00a0nos ain\u00e9s <br>et sensibilisation aux moyens d\u2019alerte (t\u00e9l\u00e9assistance)<\/strong><br>\u2022 Elaboration d\u2019un <strong>fichier de personnes fragiles<\/strong> pour bien les aider<br>\u2022 Mise en place d\u2019un <strong>moyen de transport collectif <\/strong>pour acc\u00e9der aux soins si n\u00e9cessaire, hors du village<\/p>\n","protected":false},"excerpt":{"rendered":"<p>\u2022 Implantation au centre du village d\u2019une Maison du Bel Age\u00a0financ\u00e9e \u00e0 100 % par le D\u00e9partement\u00a0\u2022 D\u00e9veloppement de \u201cMONALISA pr\u00e9vention\u201d destin\u00e9e aux retrait\u00e9s et futurs retrait\u00e9s pour les aider \u00e0 mieux pr\u00e9server leur capital sant\u00e9\u2022 Cr\u00e9ation d\u2019un r\u00e9seau collaboratif pour lutter contre l\u2019isolement et\u00a0f\u00e9d\u00e9rer les liens entre tous les maussanais\u2022 Mise en place de [&hellip;]<\/p>\n","protected":false},"author":1,"featured_media":0,"parent":0,"menu_order":0,"comment_status":"closed","ping_status":"closed","template":"","meta":[],"_links":{"self":[{"href":"https:\/\/tousmaussanais.fr\/index.php?rest_route=\/wp\/v2\/pages\/835"}],"collection":[{"href":"https:\/\/tousmaussanais.fr\/index.php?rest_route=\/wp\/v2\/pages"}],"about":[{"href":"https:\/\/tousmaussanais.fr\/index.php?rest_route=\/wp\/v2\/types\/page"}],"author":[{"embeddable":true,"href":"https:\/\/tousmaussanais.fr\/index.php?rest_route=\/wp\/v2\/users\/1"}],"replies":[{"embeddable":true,"href":"https:\/\/tousmaussanais.fr\/index.php?rest_route=%2Fwp%2Fv2%2Fcomments&post=835"}],"version-history":[{"count":6,"href":"https:\/\/tousmaussanais.fr\/index.php?rest_route=\/wp\/v2\/pages\/835\/revisions"}],"predecessor-version":[{"id":1142,"href":"https:\/\/tousmaussanais.fr\/index.php?rest_route=\/wp\/v2\/pages\/835\/revisions\/1142"}],"wp:attachment":[{"href":"https:\/\/tousmaussanais.fr\/index.php?rest_route=%2Fwp%2Fv2%2Fmedia&parent=835"}],"curies":[{"name":"wp","href":"https:\/\/api.w.org\/{rel}","templated":true}]}}

<div class="wp-block-image"><figure class="aligncenter size-large"><img loading="lazy" width="1182" height="1182" src="https://tousmaussanais.fr/wp-content/uploads/2020/02/Format-images-19.png" alt="" class="wp-image-976" srcset="https://tousmaussanais.fr/wp-content/uploads/2020/02/Format-images-19.png 1182w, https://tousmaussanais.fr/wp-content/uploads/2020/02/Format-images-19-600x600.png 600w, https://tousmaussanais.fr/wp-content/uploads/2020/02/Format-images-19-300x300.png 300w, https://tousmaussanais.fr/wp-content/uploads/2020/02/Format-images-19-768x768.png 768w" sizes="(max-width: 1182px) 100vw, 1182px" /></figure></div>



<p>• <strong>Implantation au centre du village d’une Maison du Bel Age financée à 100 % par le Département </strong><br>• <strong>Développement de “MONALISA prévention”</strong> destinée aux retraités <br>et futurs retraités pour les aider à <strong>mieux préserver leur capital santé</strong><br>• <strong>Création d’un réseau collaboratif pour lutter contre l’isolement</strong> et fédérer les liens entre tous les maussanais<br>• <strong>Mise en place de “ALLO MAIRIE“ pour l’accompagnement de nos ainés <br>et sensibilisation aux moyens d’alerte (téléassistance)</strong><br>• Elaboration d’un <strong>fichier de personnes fragiles</strong> pour bien les aider<br>• Mise en place d’un <strong>moyen de transport collectif </strong>pour accéder aux soins si nécessaire, hors du village</p>

<p>• Implantation au centre du village d’une Maison du Bel Age financée à 100 % par le Département • Développement de “MONALISA prévention” destinée aux retraités et futurs retraités pour les aider à mieux préserver leur capital santé• Création d’un réseau collaboratif pour lutter contre l’isolement et fédérer les liens entre tous les maussanais• Mise en place de [&hellip;]</p>
