{"id":826,"date":"2020-02-24T10:09:18","date_gmt":"2020-02-24T09:09:18","guid":{"rendered":"http:\/\/tousmaussanais.fr\/?page_id=826"},"modified":"2020-03-22T15:53:42","modified_gmt":"2020-03-22T14:53:42","slug":"environnement-et-transition-ecologique","status":"publish","type":"page","link":"https:\/\/tousmaussanais.fr\/?page_id=826","title":{"rendered":"ENVIRONNEMENT ET TRANSITION \u00c9COLOGIQUE"},"content":{"rendered":"\n<div class=\"wp-block-image\"><figure class=\"aligncenter size-large\"><img loading=\"lazy\" width=\"1440\" height=\"1440\" src=\"http:\/\/tousmaussanais.fr\/wp-content\/uploads\/2020\/02\/image2.jpg\" alt=\"\" class=\"wp-image-802\" srcset=\"https:\/\/tousmaussanais.fr\/wp-content\/uploads\/2020\/02\/image2.jpg 1440w, https:\/\/tousmaussanais.fr\/wp-content\/uploads\/2020\/02\/image2-600x600.jpg 600w, https:\/\/tousmaussanais.fr\/wp-content\/uploads\/2020\/02\/image2-300x300.jpg 300w, https:\/\/tousmaussanais.fr\/wp-content\/uploads\/2020\/02\/image2-768x768.jpg 768w\" sizes=\"(max-width: 1440px) 100vw, 1440px\" \/><\/figure><\/div>\n\n\n\n<p><strong>Le Projet pourrait commencer par l&rsquo;\u00e9laboration avec la population d\u2019un Agenda 21, pour mettre en place des actions locales et pr\u00e9server les g\u00e9n\u00e9rations futures\u00a0 <\/strong><\/p>\n\n\n\n<p>D&rsquo;autres pistes :<br>\u2022 <strong>Plantations d\u2019arbres dans le village <\/strong><br>\u2022 <strong>Am\u00e9nagement de pistes cyclables<\/strong><br>\u2022 Cr\u00e9ation de <strong>chemins pi\u00e9tons en travers\u00e9e de village <\/strong>et aux alentours<br>\u2022 <strong>Remplacement progressif des v\u00e9hicules municipaux actuels par des v\u00e9hicules \u00e9lectriques<\/strong><br>\u2022 Installation de <strong>parkings \u00e0 v\u00e9los<\/strong><br>\u2022 <strong>Anticipation des risques de p\u00e9nurie d\u2019eau <\/strong>dus au r\u00e9chauffement climatique et \u00e0 l\u2019augmentation de la population.<br>\u2022 Am\u00e9lioration permanente de la <strong>propret\u00e9 de notre village<\/strong><br>\u2022 <strong>Economie d\u2019\u00e9nergie <\/strong>et remise en \u00e9tat de l\u2019\u00e9clairage public (LED)<br>\u2022 <strong>Optimisation de la collecte des ordures m\u00e9nag\u00e8res <\/strong>en cr\u00e9ant des espaces d\u00e9di\u00e9s aux colonnes enterr\u00e9es<br><\/p>\n\n\n\n<p><\/p>\n","protected":false},"excerpt":{"rendered":"<p>Le Projet pourrait commencer par l&rsquo;\u00e9laboration avec la population d\u2019un Agenda 21, pour mettre en place des actions locales et pr\u00e9server les g\u00e9n\u00e9rations futures\u00a0 D&rsquo;autres pistes :\u2022 Plantations d\u2019arbres dans le village \u2022 Am\u00e9nagement de pistes cyclables\u2022 Cr\u00e9ation de chemins pi\u00e9tons en travers\u00e9e de village et aux alentours\u2022 Remplacement progressif des v\u00e9hicules municipaux actuels par [&hellip;]<\/p>\n","protected":false},"author":1,"featured_media":0,"parent":0,"menu_order":0,"comment_status":"closed","ping_status":"closed","template":"","meta":[],"_links":{"self":[{"href":"https:\/\/tousmaussanais.fr\/index.php?rest_route=\/wp\/v2\/pages\/826"}],"collection":[{"href":"https:\/\/tousmaussanais.fr\/index.php?rest_route=\/wp\/v2\/pages"}],"about":[{"href":"https:\/\/tousmaussanais.fr\/index.php?rest_route=\/wp\/v2\/types\/page"}],"author":[{"embeddable":true,"href":"https:\/\/tousmaussanais.fr\/index.php?rest_route=\/wp\/v2\/users\/1"}],"replies":[{"embeddable":true,"href":"https:\/\/tousmaussanais.fr\/index.php?rest_route=%2Fwp%2Fv2%2Fcomments&post=826"}],"version-history":[{"count":4,"href":"https:\/\/tousmaussanais.fr\/index.php?rest_route=\/wp\/v2\/pages\/826\/revisions"}],"predecessor-version":[{"id":1071,"href":"https:\/\/tousmaussanais.fr\/index.php?rest_route=\/wp\/v2\/pages\/826\/revisions\/1071"}],"wp:attachment":[{"href":"https:\/\/tousmaussanais.fr\/index.php?rest_route=%2Fwp%2Fv2%2Fmedia&parent=826"}],"curies":[{"name":"wp","href":"https:\/\/api.w.org\/{rel}","templated":true}]}}

ENVIRONNEMENT ET TRANSITION ÉCOLOGIQUE

<div class="wp-block-image"><figure class="aligncenter size-large"><img loading="lazy" width="1440" height="1440" src="http://tousmaussanais.fr/wp-content/uploads/2020/02/image2.jpg" alt="" class="wp-image-802" srcset="https://tousmaussanais.fr/wp-content/uploads/2020/02/image2.jpg 1440w, https://tousmaussanais.fr/wp-content/uploads/2020/02/image2-600x600.jpg 600w, https://tousmaussanais.fr/wp-content/uploads/2020/02/image2-300x300.jpg 300w, https://tousmaussanais.fr/wp-content/uploads/2020/02/image2-768x768.jpg 768w" sizes="(max-width: 1440px) 100vw, 1440px" /></figure></div>



<p><strong>Le Projet pourrait commencer par l&rsquo;élaboration avec la population d’un Agenda 21, pour mettre en place des actions locales et préserver les générations futures  </strong></p>



<p>D&rsquo;autres pistes :<br>• <strong>Plantations d’arbres dans le village </strong><br>• <strong>Aménagement de pistes cyclables</strong><br>• Création de <strong>chemins piétons en traversée de village </strong>et aux alentours<br>• <strong>Remplacement progressif des véhicules municipaux actuels par des véhicules électriques</strong><br>• Installation de <strong>parkings à vélos</strong><br>• <strong>Anticipation des risques de pénurie d’eau </strong>dus au réchauffement climatique et à l’augmentation de la population.<br>• Amélioration permanente de la <strong>propreté de notre village</strong><br>• <strong>Economie d’énergie </strong>et remise en état de l’éclairage public (LED)<br>• <strong>Optimisation de la collecte des ordures ménagères </strong>en créant des espaces dédiés aux colonnes enterrées<br></p>



<p></p>

<p>Le Projet pourrait commencer par l&rsquo;élaboration avec la population d’un Agenda 21, pour mettre en place des actions locales et préserver les générations futures  D&rsquo;autres pistes :• Plantations d’arbres dans le village • Aménagement de pistes cyclables• Création de chemins piétons en traversée de village et aux alentours• Remplacement progressif des véhicules municipaux actuels par [&hellip;]</p>
