{"id":823,"date":"2020-02-24T10:07:15","date_gmt":"2020-02-24T09:07:15","guid":{"rendered":"http:\/\/tousmaussanais.fr\/?page_id=823"},"modified":"2020-03-22T16:13:51","modified_gmt":"2020-03-22T15:13:51","slug":"urbanisme-et-logement","status":"publish","type":"page","link":"https:\/\/tousmaussanais.fr\/?page_id=823","title":{"rendered":"URBANISME ET LOGEMENT"},"content":{"rendered":"\n<div class=\"wp-block-image\"><figure class=\"aligncenter size-large\"><img loading=\"lazy\" width=\"1182\" height=\"1182\" src=\"https:\/\/tousmaussanais.fr\/wp-content\/uploads\/2020\/02\/Format-images-20.png\" alt=\"\" class=\"wp-image-977\" srcset=\"https:\/\/tousmaussanais.fr\/wp-content\/uploads\/2020\/02\/Format-images-20.png 1182w, https:\/\/tousmaussanais.fr\/wp-content\/uploads\/2020\/02\/Format-images-20-600x600.png 600w, https:\/\/tousmaussanais.fr\/wp-content\/uploads\/2020\/02\/Format-images-20-300x300.png 300w, https:\/\/tousmaussanais.fr\/wp-content\/uploads\/2020\/02\/Format-images-20-768x768.png 768w\" sizes=\"(max-width: 1182px) 100vw, 1182px\" \/><\/figure><\/div>\n\n\n\n<p>\u2022 S\u00e9rieux sujet car Maussane d\u00e9j\u00e0 \u00ab\u00a0bien habit\u00e9\u00a0\u00bb n&rsquo;a aucun besoin de logements suppl\u00e9mentaires &#8230;<br>Le mieux sera l&rsquo;a<strong>pplication stricte du PLU valid\u00e9 en juillet 2017\u00a0<\/strong><br><strong>(Pr\u00e9vision : 230 \u00e0 300 logements d\u2019ici 2026)<\/strong><\/p>\n\n\n\n<p>Et aussi :<br>\u2022 <strong>Pause sur l\u2019urbanisation galopante <\/strong>au vu de la capacit\u00e9 de nos \u00e9quipements communaux et pour la pr\u00e9servation de nos ressources naturelles<br>\u2022 Meilleure ma\u00eetrise de l&rsquo;urbanisation et de l\u2019architecture des\u00a0nouvelles constructions afin de <strong>pr\u00e9server l\u2019identit\u00e9 de notre village<\/strong><br>\u2022 <strong>Attention particuli\u00e8re port\u00e9e aux recherches de logement <br>pour\u00a0les maussanais<\/strong><\/p>\n","protected":false},"excerpt":{"rendered":"<p>\u2022 S\u00e9rieux sujet car Maussane d\u00e9j\u00e0 \u00ab\u00a0bien habit\u00e9\u00a0\u00bb n&rsquo;a aucun besoin de logements suppl\u00e9mentaires &#8230;Le mieux sera l&rsquo;application stricte du PLU valid\u00e9 en juillet 2017\u00a0(Pr\u00e9vision : 230 \u00e0 300 logements d\u2019ici 2026) Et aussi :\u2022 Pause sur l\u2019urbanisation galopante au vu de la capacit\u00e9 de nos \u00e9quipements communaux et pour la pr\u00e9servation de nos ressources [&hellip;]<\/p>\n","protected":false},"author":1,"featured_media":0,"parent":0,"menu_order":0,"comment_status":"closed","ping_status":"closed","template":"","meta":[],"_links":{"self":[{"href":"https:\/\/tousmaussanais.fr\/index.php?rest_route=\/wp\/v2\/pages\/823"}],"collection":[{"href":"https:\/\/tousmaussanais.fr\/index.php?rest_route=\/wp\/v2\/pages"}],"about":[{"href":"https:\/\/tousmaussanais.fr\/index.php?rest_route=\/wp\/v2\/types\/page"}],"author":[{"embeddable":true,"href":"https:\/\/tousmaussanais.fr\/index.php?rest_route=\/wp\/v2\/users\/1"}],"replies":[{"embeddable":true,"href":"https:\/\/tousmaussanais.fr\/index.php?rest_route=%2Fwp%2Fv2%2Fcomments&post=823"}],"version-history":[{"count":8,"href":"https:\/\/tousmaussanais.fr\/index.php?rest_route=\/wp\/v2\/pages\/823\/revisions"}],"predecessor-version":[{"id":1075,"href":"https:\/\/tousmaussanais.fr\/index.php?rest_route=\/wp\/v2\/pages\/823\/revisions\/1075"}],"wp:attachment":[{"href":"https:\/\/tousmaussanais.fr\/index.php?rest_route=%2Fwp%2Fv2%2Fmedia&parent=823"}],"curies":[{"name":"wp","href":"https:\/\/api.w.org\/{rel}","templated":true}]}}

<div class="wp-block-image"><figure class="aligncenter size-large"><img loading="lazy" width="1182" height="1182" src="https://tousmaussanais.fr/wp-content/uploads/2020/02/Format-images-20.png" alt="" class="wp-image-977" srcset="https://tousmaussanais.fr/wp-content/uploads/2020/02/Format-images-20.png 1182w, https://tousmaussanais.fr/wp-content/uploads/2020/02/Format-images-20-600x600.png 600w, https://tousmaussanais.fr/wp-content/uploads/2020/02/Format-images-20-300x300.png 300w, https://tousmaussanais.fr/wp-content/uploads/2020/02/Format-images-20-768x768.png 768w" sizes="(max-width: 1182px) 100vw, 1182px" /></figure></div>



<p>• Sérieux sujet car Maussane déjà « bien habité » n&rsquo;a aucun besoin de logements supplémentaires &#8230;<br>Le mieux sera l&rsquo;a<strong>pplication stricte du PLU validé en juillet 2017 </strong><br><strong>(Prévision : 230 à 300 logements d’ici 2026)</strong></p>



<p>Et aussi :<br>• <strong>Pause sur l’urbanisation galopante </strong>au vu de la capacité de nos équipements communaux et pour la préservation de nos ressources naturelles<br>• Meilleure maîtrise de l&rsquo;urbanisation et de l’architecture des nouvelles constructions afin de <strong>préserver l’identité de notre village</strong><br>• <strong>Attention particulière portée aux recherches de logement <br>pour les maussanais</strong></p>

<p>• Sérieux sujet car Maussane déjà « bien habité » n&rsquo;a aucun besoin de logements supplémentaires &#8230;Le mieux sera l&rsquo;application stricte du PLU validé en juillet 2017 (Prévision : 230 à 300 logements d’ici 2026) Et aussi :• Pause sur l’urbanisation galopante au vu de la capacité de nos équipements communaux et pour la préservation de nos ressources [&hellip;]</p>
