{"id":306,"date":"2020-01-21T09:53:49","date_gmt":"2020-01-21T08:53:49","guid":{"rendered":"http:\/\/tousmaussanais.fr\/?page_id=306"},"modified":"2020-01-23T17:30:00","modified_gmt":"2020-01-23T16:30:00","slug":"pascale-linderme","status":"publish","type":"page","link":"https:\/\/tousmaussanais.fr\/?page_id=306","title":{"rendered":"Pascale Linderme"},"content":{"rendered":"\n<div class=\"wp-block-media-text alignwide\"><figure class=\"wp-block-media-text__media\"><img loading=\"lazy\" width=\"819\" height=\"1024\" src=\"http:\/\/tousmaussanais.fr\/wp-content\/uploads\/2020\/01\/pascale-819x1024.jpg\" alt=\"\" class=\"wp-image-136\" srcset=\"https:\/\/tousmaussanais.fr\/wp-content\/uploads\/2020\/01\/pascale-819x1024.jpg 819w, https:\/\/tousmaussanais.fr\/wp-content\/uploads\/2020\/01\/pascale-240x300.jpg 240w, https:\/\/tousmaussanais.fr\/wp-content\/uploads\/2020\/01\/pascale-1280x1600.jpg 1280w, https:\/\/tousmaussanais.fr\/wp-content\/uploads\/2020\/01\/pascale-768x960.jpg 768w, https:\/\/tousmaussanais.fr\/wp-content\/uploads\/2020\/01\/pascale-1229x1536.jpg 1229w, https:\/\/tousmaussanais.fr\/wp-content\/uploads\/2020\/01\/pascale-1639x2048.jpg 1639w, https:\/\/tousmaussanais.fr\/wp-content\/uploads\/2020\/01\/pascale-scaled.jpg 2048w\" sizes=\"(max-width: 819px) 100vw, 819px\" \/><\/figure><div class=\"wp-block-media-text__content\">\n<h3>Pascale Linderme, Maussanaise<\/h3>\n\n\n\n<p class=\"has-small-font-size\">Mari\u00e9e, deux enfants<\/p>\n\n\n\n<p>Historiquement professionnelle de la culture et de la communication, je suis aujourd&rsquo;hui sc\u00e9nographe, charg\u00e9e de mettre en \u0153uvre des expositions, dans les mus\u00e9es, fondations, collectivit\u00e9s, et d&rsquo;en g\u00e9rer la valorisation. Ma soci\u00e9t\u00e9 est install\u00e9e \u00e0 Maussane-les-Alpilles.<\/p>\n\n\n\n<p><strong>Ma connaissance de l&rsquo;univers culturel, mon r\u00e9seau, mon savoir-faire, je veux les mettre en oeuvre dans l&rsquo;\u00e9quipe de Marie-Pierre Callet, convaincue quelle est aujourd&rsquo;hui l&rsquo;avenir qualifi\u00e9 de notre village.<\/strong><\/p>\n<\/div><\/div>\n","protected":false},"excerpt":{"rendered":"<p>Pascale Linderme, Maussanaise Mari\u00e9e, deux enfants Historiquement professionnelle de la culture et de la communication, je suis aujourd&rsquo;hui sc\u00e9nographe, charg\u00e9e de mettre en \u0153uvre des expositions, dans les mus\u00e9es, fondations, collectivit\u00e9s, et d&rsquo;en g\u00e9rer la valorisation. Ma soci\u00e9t\u00e9 est install\u00e9e \u00e0 Maussane-les-Alpilles. Ma connaissance de l&rsquo;univers culturel, mon r\u00e9seau, mon savoir-faire, je veux les mettre [&hellip;]<\/p>\n","protected":false},"author":1,"featured_media":0,"parent":0,"menu_order":0,"comment_status":"closed","ping_status":"closed","template":"","meta":[],"_links":{"self":[{"href":"https:\/\/tousmaussanais.fr\/index.php?rest_route=\/wp\/v2\/pages\/306"}],"collection":[{"href":"https:\/\/tousmaussanais.fr\/index.php?rest_route=\/wp\/v2\/pages"}],"about":[{"href":"https:\/\/tousmaussanais.fr\/index.php?rest_route=\/wp\/v2\/types\/page"}],"author":[{"embeddable":true,"href":"https:\/\/tousmaussanais.fr\/index.php?rest_route=\/wp\/v2\/users\/1"}],"replies":[{"embeddable":true,"href":"https:\/\/tousmaussanais.fr\/index.php?rest_route=%2Fwp%2Fv2%2Fcomments&post=306"}],"version-history":[{"count":6,"href":"https:\/\/tousmaussanais.fr\/index.php?rest_route=\/wp\/v2\/pages\/306\/revisions"}],"predecessor-version":[{"id":579,"href":"https:\/\/tousmaussanais.fr\/index.php?rest_route=\/wp\/v2\/pages\/306\/revisions\/579"}],"wp:attachment":[{"href":"https:\/\/tousmaussanais.fr\/index.php?rest_route=%2Fwp%2Fv2%2Fmedia&parent=306"}],"curies":[{"name":"wp","href":"https:\/\/api.w.org\/{rel}","templated":true}]}}

<div class="wp-block-media-text alignwide"><figure class="wp-block-media-text__media"><img loading="lazy" width="819" height="1024" src="http://tousmaussanais.fr/wp-content/uploads/2020/01/pascale-819x1024.jpg" alt="" class="wp-image-136" srcset="https://tousmaussanais.fr/wp-content/uploads/2020/01/pascale-819x1024.jpg 819w, https://tousmaussanais.fr/wp-content/uploads/2020/01/pascale-240x300.jpg 240w, https://tousmaussanais.fr/wp-content/uploads/2020/01/pascale-1280x1600.jpg 1280w, https://tousmaussanais.fr/wp-content/uploads/2020/01/pascale-768x960.jpg 768w, https://tousmaussanais.fr/wp-content/uploads/2020/01/pascale-1229x1536.jpg 1229w, https://tousmaussanais.fr/wp-content/uploads/2020/01/pascale-1639x2048.jpg 1639w, https://tousmaussanais.fr/wp-content/uploads/2020/01/pascale-scaled.jpg 2048w" sizes="(max-width: 819px) 100vw, 819px" /></figure><div class="wp-block-media-text__content">
<h3>Pascale Linderme, Maussanaise</h3>



<p class="has-small-font-size">Mariée, deux enfants</p>



<p>Historiquement professionnelle de la culture et de la communication, je suis aujourd&rsquo;hui scénographe, chargée de mettre en œuvre des expositions, dans les musées, fondations, collectivités, et d&rsquo;en gérer la valorisation. Ma société est installée à Maussane-les-Alpilles.</p>



<p><strong>Ma connaissance de l&rsquo;univers culturel, mon réseau, mon savoir-faire, je veux les mettre en oeuvre dans l&rsquo;équipe de Marie-Pierre Callet, convaincue quelle est aujourd&rsquo;hui l&rsquo;avenir qualifié de notre village.</strong></p>
</div></div>

<p>Pascale Linderme, Maussanaise Mariée, deux enfants Historiquement professionnelle de la culture et de la communication, je suis aujourd&rsquo;hui scénographe, chargée de mettre en œuvre des expositions, dans les musées, fondations, collectivités, et d&rsquo;en gérer la valorisation. Ma société est installée à Maussane-les-Alpilles. Ma connaissance de l&rsquo;univers culturel, mon réseau, mon savoir-faire, je veux les mettre [&hellip;]</p>
