{"id":270,"date":"2020-01-20T18:07:20","date_gmt":"2020-01-20T17:07:20","guid":{"rendered":"http:\/\/tousmaussanais.fr\/?page_id=270"},"modified":"2020-01-23T17:26:29","modified_gmt":"2020-01-23T16:26:29","slug":"regis-fabre","status":"publish","type":"page","link":"https:\/\/tousmaussanais.fr\/?page_id=270","title":{"rendered":"R\u00e9gis Fabre"},"content":{"rendered":"\n<div class=\"wp-block-media-text alignwide\"><figure class=\"wp-block-media-text__media\"><img loading=\"lazy\" width=\"819\" height=\"1024\" src=\"http:\/\/tousmaussanais.fr\/wp-content\/uploads\/2020\/01\/regis-3-819x1024.jpg\" alt=\"\" class=\"wp-image-268\" srcset=\"https:\/\/tousmaussanais.fr\/wp-content\/uploads\/2020\/01\/regis-3-819x1024.jpg 819w, https:\/\/tousmaussanais.fr\/wp-content\/uploads\/2020\/01\/regis-3-240x300.jpg 240w, https:\/\/tousmaussanais.fr\/wp-content\/uploads\/2020\/01\/regis-3-1280x1600.jpg 1280w, https:\/\/tousmaussanais.fr\/wp-content\/uploads\/2020\/01\/regis-3-768x960.jpg 768w, https:\/\/tousmaussanais.fr\/wp-content\/uploads\/2020\/01\/regis-3-1229x1536.jpg 1229w, https:\/\/tousmaussanais.fr\/wp-content\/uploads\/2020\/01\/regis-3-1638x2048.jpg 1638w, https:\/\/tousmaussanais.fr\/wp-content\/uploads\/2020\/01\/regis-3-scaled.jpg 2048w\" sizes=\"(max-width: 819px) 100vw, 819px\" \/><\/figure><div class=\"wp-block-media-text__content\">\n<h3>R\u00e9gis Fabre, Maussanais<\/h3>\n\n\n\n<p class=\"has-small-font-size\">49 ans, c\u00e9libataire, une fille de 14 ans.<\/p>\n\n\n\n<p>Dipl\u00f4m\u00e9 d\u2019un BTS Conception de Produits Industriels, j\u2019exerce &nbsp;depuis 18 ans la fonction de&nbsp;Technico-Commercial dans le domaine du traitement et de la qualit\u00e9 de l\u2019air. Je suis un actif multisports, licenci\u00e9 par le pass\u00e9 : Rugby, Hand-ball, Football, Judo, Tennis, Cyclisme.<\/p>\n\n\n\n<p><strong>Je souhaite au sein de l\u2019\u00e9quipe Tous Maussanais, redonner au sport la place qu\u2019il m\u00e9rite, \u00e0 l\u2019\u00e9coute des associations, en favorisant les projets d\u2019\u00e9quipements.&nbsp;<\/strong><\/p>\n<\/div><\/div>\n","protected":false},"excerpt":{"rendered":"<p>R\u00e9gis Fabre, Maussanais 49 ans, c\u00e9libataire, une fille de 14 ans. Dipl\u00f4m\u00e9 d\u2019un BTS Conception de Produits Industriels, j\u2019exerce &nbsp;depuis 18 ans la fonction de&nbsp;Technico-Commercial dans le domaine du traitement et de la qualit\u00e9 de l\u2019air. Je suis un actif multisports, licenci\u00e9 par le pass\u00e9 : Rugby, Hand-ball, Football, Judo, Tennis, Cyclisme. Je souhaite au [&hellip;]<\/p>\n","protected":false},"author":1,"featured_media":0,"parent":0,"menu_order":0,"comment_status":"closed","ping_status":"closed","template":"","meta":[],"_links":{"self":[{"href":"https:\/\/tousmaussanais.fr\/index.php?rest_route=\/wp\/v2\/pages\/270"}],"collection":[{"href":"https:\/\/tousmaussanais.fr\/index.php?rest_route=\/wp\/v2\/pages"}],"about":[{"href":"https:\/\/tousmaussanais.fr\/index.php?rest_route=\/wp\/v2\/types\/page"}],"author":[{"embeddable":true,"href":"https:\/\/tousmaussanais.fr\/index.php?rest_route=\/wp\/v2\/users\/1"}],"replies":[{"embeddable":true,"href":"https:\/\/tousmaussanais.fr\/index.php?rest_route=%2Fwp%2Fv2%2Fcomments&post=270"}],"version-history":[{"count":7,"href":"https:\/\/tousmaussanais.fr\/index.php?rest_route=\/wp\/v2\/pages\/270\/revisions"}],"predecessor-version":[{"id":576,"href":"https:\/\/tousmaussanais.fr\/index.php?rest_route=\/wp\/v2\/pages\/270\/revisions\/576"}],"wp:attachment":[{"href":"https:\/\/tousmaussanais.fr\/index.php?rest_route=%2Fwp%2Fv2%2Fmedia&parent=270"}],"curies":[{"name":"wp","href":"https:\/\/api.w.org\/{rel}","templated":true}]}}