{"id":248,"date":"2020-01-20T17:32:29","date_gmt":"2020-01-20T16:32:29","guid":{"rendered":"http:\/\/tousmaussanais.fr\/?page_id=248"},"modified":"2020-03-22T11:31:40","modified_gmt":"2020-03-22T10:31:40","slug":"brigitte-valero","status":"publish","type":"page","link":"https:\/\/tousmaussanais.fr\/?page_id=248","title":{"rendered":"Brigitte Valero"},"content":{"rendered":"\n<div class=\"wp-block-media-text alignwide\"><figure class=\"wp-block-media-text__media\"><img loading=\"lazy\" width=\"819\" height=\"1024\" src=\"http:\/\/tousmaussanais.fr\/wp-content\/uploads\/2020\/01\/brigitte-819x1024.jpg\" alt=\"\" class=\"wp-image-127\" srcset=\"https:\/\/tousmaussanais.fr\/wp-content\/uploads\/2020\/01\/brigitte-819x1024.jpg 819w, https:\/\/tousmaussanais.fr\/wp-content\/uploads\/2020\/01\/brigitte-240x300.jpg 240w, https:\/\/tousmaussanais.fr\/wp-content\/uploads\/2020\/01\/brigitte-1280x1600.jpg 1280w, https:\/\/tousmaussanais.fr\/wp-content\/uploads\/2020\/01\/brigitte-768x960.jpg 768w, https:\/\/tousmaussanais.fr\/wp-content\/uploads\/2020\/01\/brigitte-1229x1536.jpg 1229w, https:\/\/tousmaussanais.fr\/wp-content\/uploads\/2020\/01\/brigitte-1639x2048.jpg 1639w, https:\/\/tousmaussanais.fr\/wp-content\/uploads\/2020\/01\/brigitte-scaled.jpg 2048w\" sizes=\"(max-width: 819px) 100vw, 819px\" \/><\/figure><div class=\"wp-block-media-text__content\">\n<h3>Brigitte Valero, Maussanaise<\/h3>\n\n\n\n<p class=\"has-small-font-size\">Mari\u00e9e, 2 filles<\/p>\n\n\n\n<p class=\"has-normal-font-size\"><strong>L&rsquo;univers social, la sant\u00e9 et l&rsquo;accompagnement des personnes en difficult\u00e9 me concernent. Je souhaite me rendre disponible pour eux, et mettre en \u0153uvre les dispositifs n\u00e9cessaires \u00e0 leur \u00ab\u00a0mieux-\u00eatre\u00a0\u00bb.<\/strong><\/p>\n<\/div><\/div>\n","protected":false},"excerpt":{"rendered":"<p>Brigitte Valero, Maussanaise Mari\u00e9e, 2 filles L&rsquo;univers social, la sant\u00e9 et l&rsquo;accompagnement des personnes en difficult\u00e9 me concernent. Je souhaite me rendre disponible pour eux, et mettre en \u0153uvre les dispositifs n\u00e9cessaires \u00e0 leur \u00ab\u00a0mieux-\u00eatre\u00a0\u00bb.<\/p>\n","protected":false},"author":1,"featured_media":0,"parent":0,"menu_order":0,"comment_status":"closed","ping_status":"closed","template":"","meta":[],"_links":{"self":[{"href":"https:\/\/tousmaussanais.fr\/index.php?rest_route=\/wp\/v2\/pages\/248"}],"collection":[{"href":"https:\/\/tousmaussanais.fr\/index.php?rest_route=\/wp\/v2\/pages"}],"about":[{"href":"https:\/\/tousmaussanais.fr\/index.php?rest_route=\/wp\/v2\/types\/page"}],"author":[{"embeddable":true,"href":"https:\/\/tousmaussanais.fr\/index.php?rest_route=\/wp\/v2\/users\/1"}],"replies":[{"embeddable":true,"href":"https:\/\/tousmaussanais.fr\/index.php?rest_route=%2Fwp%2Fv2%2Fcomments&post=248"}],"version-history":[{"count":13,"href":"https:\/\/tousmaussanais.fr\/index.php?rest_route=\/wp\/v2\/pages\/248\/revisions"}],"predecessor-version":[{"id":1056,"href":"https:\/\/tousmaussanais.fr\/index.php?rest_route=\/wp\/v2\/pages\/248\/revisions\/1056"}],"wp:attachment":[{"href":"https:\/\/tousmaussanais.fr\/index.php?rest_route=%2Fwp%2Fv2%2Fmedia&parent=248"}],"curies":[{"name":"wp","href":"https:\/\/api.w.org\/{rel}","templated":true}]}}

<div class="wp-block-media-text alignwide"><figure class="wp-block-media-text__media"><img loading="lazy" width="819" height="1024" src="http://tousmaussanais.fr/wp-content/uploads/2020/01/brigitte-819x1024.jpg" alt="" class="wp-image-127" srcset="https://tousmaussanais.fr/wp-content/uploads/2020/01/brigitte-819x1024.jpg 819w, https://tousmaussanais.fr/wp-content/uploads/2020/01/brigitte-240x300.jpg 240w, https://tousmaussanais.fr/wp-content/uploads/2020/01/brigitte-1280x1600.jpg 1280w, https://tousmaussanais.fr/wp-content/uploads/2020/01/brigitte-768x960.jpg 768w, https://tousmaussanais.fr/wp-content/uploads/2020/01/brigitte-1229x1536.jpg 1229w, https://tousmaussanais.fr/wp-content/uploads/2020/01/brigitte-1639x2048.jpg 1639w, https://tousmaussanais.fr/wp-content/uploads/2020/01/brigitte-scaled.jpg 2048w" sizes="(max-width: 819px) 100vw, 819px" /></figure><div class="wp-block-media-text__content">
<h3>Brigitte Valero, Maussanaise</h3>



<p class="has-small-font-size">Mariée, 2 filles</p>



<p class="has-normal-font-size"><strong>L&rsquo;univers social, la santé et l&rsquo;accompagnement des personnes en difficulté me concernent. Je souhaite me rendre disponible pour eux, et mettre en œuvre les dispositifs nécessaires à leur « mieux-être ».</strong></p>
</div></div>

<p>Brigitte Valero, Maussanaise Mariée, 2 filles L&rsquo;univers social, la santé et l&rsquo;accompagnement des personnes en difficulté me concernent. Je souhaite me rendre disponible pour eux, et mettre en œuvre les dispositifs nécessaires à leur « mieux-être ».</p>
