{"id":244,"date":"2020-01-20T17:31:40","date_gmt":"2020-01-20T16:31:40","guid":{"rendered":"http:\/\/tousmaussanais.fr\/?page_id=244"},"modified":"2020-01-28T22:25:23","modified_gmt":"2020-01-28T21:25:23","slug":"emmanuelle-tual","status":"publish","type":"page","link":"https:\/\/tousmaussanais.fr\/?page_id=244","title":{"rendered":"Emmanuelle Tual"},"content":{"rendered":"\n<div class=\"wp-block-media-text alignwide\"><figure class=\"wp-block-media-text__media\"><img loading=\"lazy\" width=\"819\" height=\"1024\" src=\"http:\/\/tousmaussanais.fr\/wp-content\/uploads\/2020\/01\/emmanuelle-819x1024.jpg\" alt=\"\" class=\"wp-image-129\" srcset=\"https:\/\/tousmaussanais.fr\/wp-content\/uploads\/2020\/01\/emmanuelle-819x1024.jpg 819w, https:\/\/tousmaussanais.fr\/wp-content\/uploads\/2020\/01\/emmanuelle-240x300.jpg 240w, https:\/\/tousmaussanais.fr\/wp-content\/uploads\/2020\/01\/emmanuelle-1280x1600.jpg 1280w, https:\/\/tousmaussanais.fr\/wp-content\/uploads\/2020\/01\/emmanuelle-768x960.jpg 768w, https:\/\/tousmaussanais.fr\/wp-content\/uploads\/2020\/01\/emmanuelle-1229x1536.jpg 1229w, https:\/\/tousmaussanais.fr\/wp-content\/uploads\/2020\/01\/emmanuelle-1638x2048.jpg 1638w, https:\/\/tousmaussanais.fr\/wp-content\/uploads\/2020\/01\/emmanuelle-scaled.jpg 2048w\" sizes=\"(max-width: 819px) 100vw, 819px\" \/><\/figure><div class=\"wp-block-media-text__content\">\n<h3>Emmanuelle Tual, Maussanaise<\/h3>\n\n\n\n<p class=\"has-small-font-size\">Pacs\u00e9e, &nbsp;49 ans, une &nbsp;fille de 19 ans.<\/p>\n\n\n\n<p>D\u2019origine Arl\u00e9sienne, je suis tomb\u00e9e sous le charme de Maussane-les-Alpilles o\u00f9 j&rsquo;ai pos\u00e9 mes valises depuis 1998. Je suis titulaire d\u2019un baccalaur\u00e9at professionnel de secr\u00e9tariat, et apr\u00e8s une exp\u00e9rience de 25 ans dans le domaine du travail temporaire, avec la gestion sociale du personnel expatri\u00e9, je suis aujourd&rsquo;hui assistante commerciale.<br>Je suis passionn\u00e9e par les sorties nature, je pratique la course \u00e0 pied et j\u2019adore la natation.<\/p>\n\n\n\n<p><\/p>\n\n\n\n<p><strong>Je m\u2019engage avec Marie-Pierre Callet pour Tous Maussanais, afin de travailler avec une \u00e9quipe dynamique et anim\u00e9e pour le bien vivre et la s\u00e9curit\u00e9 des personnes dans notre village.<\/strong><\/p>\n<\/div><\/div>\n","protected":false},"excerpt":{"rendered":"<p>Emmanuelle Tual, Maussanaise Pacs\u00e9e, &nbsp;49 ans, une &nbsp;fille de 19 ans. D\u2019origine Arl\u00e9sienne, je suis tomb\u00e9e sous le charme de Maussane-les-Alpilles o\u00f9 j&rsquo;ai pos\u00e9 mes valises depuis 1998. Je suis titulaire d\u2019un baccalaur\u00e9at professionnel de secr\u00e9tariat, et apr\u00e8s une exp\u00e9rience de 25 ans dans le domaine du travail temporaire, avec la gestion sociale du personnel [&hellip;]<\/p>\n","protected":false},"author":1,"featured_media":0,"parent":0,"menu_order":0,"comment_status":"closed","ping_status":"closed","template":"","meta":[],"_links":{"self":[{"href":"https:\/\/tousmaussanais.fr\/index.php?rest_route=\/wp\/v2\/pages\/244"}],"collection":[{"href":"https:\/\/tousmaussanais.fr\/index.php?rest_route=\/wp\/v2\/pages"}],"about":[{"href":"https:\/\/tousmaussanais.fr\/index.php?rest_route=\/wp\/v2\/types\/page"}],"author":[{"embeddable":true,"href":"https:\/\/tousmaussanais.fr\/index.php?rest_route=\/wp\/v2\/users\/1"}],"replies":[{"embeddable":true,"href":"https:\/\/tousmaussanais.fr\/index.php?rest_route=%2Fwp%2Fv2%2Fcomments&post=244"}],"version-history":[{"count":14,"href":"https:\/\/tousmaussanais.fr\/index.php?rest_route=\/wp\/v2\/pages\/244\/revisions"}],"predecessor-version":[{"id":716,"href":"https:\/\/tousmaussanais.fr\/index.php?rest_route=\/wp\/v2\/pages\/244\/revisions\/716"}],"wp:attachment":[{"href":"https:\/\/tousmaussanais.fr\/index.php?rest_route=%2Fwp%2Fv2%2Fmedia&parent=244"}],"curies":[{"name":"wp","href":"https:\/\/api.w.org\/{rel}","templated":true}]}}

<div class="wp-block-media-text alignwide"><figure class="wp-block-media-text__media"><img loading="lazy" width="819" height="1024" src="http://tousmaussanais.fr/wp-content/uploads/2020/01/emmanuelle-819x1024.jpg" alt="" class="wp-image-129" srcset="https://tousmaussanais.fr/wp-content/uploads/2020/01/emmanuelle-819x1024.jpg 819w, https://tousmaussanais.fr/wp-content/uploads/2020/01/emmanuelle-240x300.jpg 240w, https://tousmaussanais.fr/wp-content/uploads/2020/01/emmanuelle-1280x1600.jpg 1280w, https://tousmaussanais.fr/wp-content/uploads/2020/01/emmanuelle-768x960.jpg 768w, https://tousmaussanais.fr/wp-content/uploads/2020/01/emmanuelle-1229x1536.jpg 1229w, https://tousmaussanais.fr/wp-content/uploads/2020/01/emmanuelle-1638x2048.jpg 1638w, https://tousmaussanais.fr/wp-content/uploads/2020/01/emmanuelle-scaled.jpg 2048w" sizes="(max-width: 819px) 100vw, 819px" /></figure><div class="wp-block-media-text__content">
<h3>Emmanuelle Tual, Maussanaise</h3>



<p class="has-small-font-size">Pacsée, &nbsp;49 ans, une &nbsp;fille de 19 ans.</p>



<p>D’origine Arlésienne, je suis tombée sous le charme de Maussane-les-Alpilles où j&rsquo;ai posé mes valises depuis 1998. Je suis titulaire d’un baccalauréat professionnel de secrétariat, et après une expérience de 25 ans dans le domaine du travail temporaire, avec la gestion sociale du personnel expatrié, je suis aujourd&rsquo;hui assistante commerciale.<br>Je suis passionnée par les sorties nature, je pratique la course à pied et j’adore la natation.</p>



<p></p>



<p><strong>Je m’engage avec Marie-Pierre Callet pour Tous Maussanais, afin de travailler avec une équipe dynamique et animée pour le bien vivre et la sécurité des personnes dans notre village.</strong></p>
</div></div>

<p>Emmanuelle Tual, Maussanaise Pacsée, &nbsp;49 ans, une &nbsp;fille de 19 ans. D’origine Arlésienne, je suis tombée sous le charme de Maussane-les-Alpilles où j&rsquo;ai posé mes valises depuis 1998. Je suis titulaire d’un baccalauréat professionnel de secrétariat, et après une expérience de 25 ans dans le domaine du travail temporaire, avec la gestion sociale du personnel [&hellip;]</p>
