{"id":242,"date":"2020-01-20T17:31:18","date_gmt":"2020-01-20T16:31:18","guid":{"rendered":"http:\/\/tousmaussanais.fr\/?page_id=242"},"modified":"2020-02-04T11:42:46","modified_gmt":"2020-02-04T10:42:46","slug":"francis-ferrer","status":"publish","type":"page","link":"https:\/\/tousmaussanais.fr\/?page_id=242","title":{"rendered":"Francis Ferrer"},"content":{"rendered":"\n<div class=\"wp-block-media-text alignwide\"><figure class=\"wp-block-media-text__media\"><img loading=\"lazy\" width=\"819\" height=\"1024\" src=\"http:\/\/tousmaussanais.fr\/wp-content\/uploads\/2020\/01\/francis-1-819x1024.jpg\" alt=\"\" class=\"wp-image-131\" srcset=\"https:\/\/tousmaussanais.fr\/wp-content\/uploads\/2020\/01\/francis-1-819x1024.jpg 819w, https:\/\/tousmaussanais.fr\/wp-content\/uploads\/2020\/01\/francis-1-240x300.jpg 240w, https:\/\/tousmaussanais.fr\/wp-content\/uploads\/2020\/01\/francis-1-1280x1600.jpg 1280w, https:\/\/tousmaussanais.fr\/wp-content\/uploads\/2020\/01\/francis-1-768x960.jpg 768w, https:\/\/tousmaussanais.fr\/wp-content\/uploads\/2020\/01\/francis-1-1229x1536.jpg 1229w, https:\/\/tousmaussanais.fr\/wp-content\/uploads\/2020\/01\/francis-1-1638x2048.jpg 1638w, https:\/\/tousmaussanais.fr\/wp-content\/uploads\/2020\/01\/francis-1-scaled.jpg 2048w\" sizes=\"(max-width: 819px) 100vw, 819px\" \/><\/figure><div class=\"wp-block-media-text__content\">\n<h3>Francis Ferrer, Maussanais<\/h3>\n\n\n\n<p class=\"has-small-font-size\">Mari\u00e9, 3 enfants<\/p>\n\n\n\n<p>Maussanais&#8230; s&rsquo;il est un qui aime et vit avec son village, c&rsquo;est bien moi !<\/p>\n\n\n\n<p>Apr\u00e8s avoir exerc\u00e9 plusieurs m\u00e9tiers &#8230; je suis retrait\u00e9 et tr\u00e8s actif aupr\u00e8s des 50 associations du village.<\/p>\n\n\n\n<p><strong>Au sein de l\u2019\u00e9quipe, \u00e0 laquelle je participe d\u00e9j\u00e0 avec Marie- Pierre Callet depuis 5 ans, je souhaite m\u2019investir toujours plus dans le soutien aux associations, qui sont, j&rsquo;en suis persuad\u00e9, une dynamique fondamentale pour Maussane !<\/strong><br><\/p>\n\n\n\n<p><\/p>\n<\/div><\/div>\n","protected":false},"excerpt":{"rendered":"<p>Francis Ferrer, Maussanais Mari\u00e9, 3 enfants Maussanais&#8230; s&rsquo;il est un qui aime et vit avec son village, c&rsquo;est bien moi ! Apr\u00e8s avoir exerc\u00e9 plusieurs m\u00e9tiers &#8230; je suis retrait\u00e9 et tr\u00e8s actif aupr\u00e8s des 50 associations du village. Au sein de l\u2019\u00e9quipe, \u00e0 laquelle je participe d\u00e9j\u00e0 avec Marie- Pierre Callet depuis 5 ans, [&hellip;]<\/p>\n","protected":false},"author":1,"featured_media":0,"parent":0,"menu_order":0,"comment_status":"closed","ping_status":"closed","template":"","meta":[],"_links":{"self":[{"href":"https:\/\/tousmaussanais.fr\/index.php?rest_route=\/wp\/v2\/pages\/242"}],"collection":[{"href":"https:\/\/tousmaussanais.fr\/index.php?rest_route=\/wp\/v2\/pages"}],"about":[{"href":"https:\/\/tousmaussanais.fr\/index.php?rest_route=\/wp\/v2\/types\/page"}],"author":[{"embeddable":true,"href":"https:\/\/tousmaussanais.fr\/index.php?rest_route=\/wp\/v2\/users\/1"}],"replies":[{"embeddable":true,"href":"https:\/\/tousmaussanais.fr\/index.php?rest_route=%2Fwp%2Fv2%2Fcomments&post=242"}],"version-history":[{"count":5,"href":"https:\/\/tousmaussanais.fr\/index.php?rest_route=\/wp\/v2\/pages\/242\/revisions"}],"predecessor-version":[{"id":725,"href":"https:\/\/tousmaussanais.fr\/index.php?rest_route=\/wp\/v2\/pages\/242\/revisions\/725"}],"wp:attachment":[{"href":"https:\/\/tousmaussanais.fr\/index.php?rest_route=%2Fwp%2Fv2%2Fmedia&parent=242"}],"curies":[{"name":"wp","href":"https:\/\/api.w.org\/{rel}","templated":true}]}}

<div class="wp-block-media-text alignwide"><figure class="wp-block-media-text__media"><img loading="lazy" width="819" height="1024" src="http://tousmaussanais.fr/wp-content/uploads/2020/01/francis-1-819x1024.jpg" alt="" class="wp-image-131" srcset="https://tousmaussanais.fr/wp-content/uploads/2020/01/francis-1-819x1024.jpg 819w, https://tousmaussanais.fr/wp-content/uploads/2020/01/francis-1-240x300.jpg 240w, https://tousmaussanais.fr/wp-content/uploads/2020/01/francis-1-1280x1600.jpg 1280w, https://tousmaussanais.fr/wp-content/uploads/2020/01/francis-1-768x960.jpg 768w, https://tousmaussanais.fr/wp-content/uploads/2020/01/francis-1-1229x1536.jpg 1229w, https://tousmaussanais.fr/wp-content/uploads/2020/01/francis-1-1638x2048.jpg 1638w, https://tousmaussanais.fr/wp-content/uploads/2020/01/francis-1-scaled.jpg 2048w" sizes="(max-width: 819px) 100vw, 819px" /></figure><div class="wp-block-media-text__content">
<h3>Francis Ferrer, Maussanais</h3>



<p class="has-small-font-size">Marié, 3 enfants</p>



<p>Maussanais&#8230; s&rsquo;il est un qui aime et vit avec son village, c&rsquo;est bien moi !</p>



<p>Après avoir exercé plusieurs métiers &#8230; je suis retraité et très actif auprès des 50 associations du village.</p>



<p><strong>Au sein de l’équipe, à laquelle je participe déjà avec Marie- Pierre Callet depuis 5 ans, je souhaite m’investir toujours plus dans le soutien aux associations, qui sont, j&rsquo;en suis persuadé, une dynamique fondamentale pour Maussane !</strong><br></p>



<p></p>
</div></div>

<p>Francis Ferrer, Maussanais Marié, 3 enfants Maussanais&#8230; s&rsquo;il est un qui aime et vit avec son village, c&rsquo;est bien moi ! Après avoir exercé plusieurs métiers &#8230; je suis retraité et très actif auprès des 50 associations du village. Au sein de l’équipe, à laquelle je participe déjà avec Marie- Pierre Callet depuis 5 ans, [&hellip;]</p>
