{"id":240,"date":"2020-01-20T17:31:02","date_gmt":"2020-01-20T16:31:02","guid":{"rendered":"http:\/\/tousmaussanais.fr\/?page_id=240"},"modified":"2020-03-22T11:35:04","modified_gmt":"2020-03-22T10:35:04","slug":"claire-arsac","status":"publish","type":"page","link":"https:\/\/tousmaussanais.fr\/?page_id=240","title":{"rendered":"Claire Arsac"},"content":{"rendered":"\n<div class=\"wp-block-media-text alignwide\"><figure class=\"wp-block-media-text__media\"><img loading=\"lazy\" width=\"820\" height=\"1024\" src=\"http:\/\/tousmaussanais.fr\/wp-content\/uploads\/2020\/01\/claire-820x1024.jpg\" alt=\"\" class=\"wp-image-128\" srcset=\"https:\/\/tousmaussanais.fr\/wp-content\/uploads\/2020\/01\/claire-820x1024.jpg 820w, https:\/\/tousmaussanais.fr\/wp-content\/uploads\/2020\/01\/claire-240x300.jpg 240w, https:\/\/tousmaussanais.fr\/wp-content\/uploads\/2020\/01\/claire-1281x1600.jpg 1281w, https:\/\/tousmaussanais.fr\/wp-content\/uploads\/2020\/01\/claire-768x960.jpg 768w, https:\/\/tousmaussanais.fr\/wp-content\/uploads\/2020\/01\/claire-1229x1536.jpg 1229w, https:\/\/tousmaussanais.fr\/wp-content\/uploads\/2020\/01\/claire-1639x2048.jpg 1639w, https:\/\/tousmaussanais.fr\/wp-content\/uploads\/2020\/01\/claire.jpg 1772w\" sizes=\"(max-width: 820px) 100vw, 820px\" \/><\/figure><div class=\"wp-block-media-text__content\">\n<h3>Claire Arsac, Maussanaise<\/h3>\n\n\n\n<p class=\"has-small-font-size\">43 ans, une fille de 12 ans.<\/p>\n\n\n\n<p><strong>Tr\u00e8s attach\u00e9e \u00e0 mon village , je me mettrai au service des habitants, les \u00e9coutant pour r\u00e9pondre \u00e0 leurs attentes, et partageant mes exp\u00e9riences de voyages, culturelles et de loisirs, pour donner un nouveau souffle \u00e0 l\u2019attractivit\u00e9 de Maussane&#8230;<br><\/strong><\/p>\n<\/div><\/div>\n","protected":false},"excerpt":{"rendered":"<p>Claire Arsac, Maussanaise 43 ans, une fille de 12 ans. Tr\u00e8s attach\u00e9e \u00e0 mon village , je me mettrai au service des habitants, les \u00e9coutant pour r\u00e9pondre \u00e0 leurs attentes, et partageant mes exp\u00e9riences de voyages, culturelles et de loisirs, pour donner un nouveau souffle \u00e0 l\u2019attractivit\u00e9 de Maussane&#8230;<\/p>\n","protected":false},"author":1,"featured_media":0,"parent":0,"menu_order":0,"comment_status":"closed","ping_status":"closed","template":"","meta":[],"_links":{"self":[{"href":"https:\/\/tousmaussanais.fr\/index.php?rest_route=\/wp\/v2\/pages\/240"}],"collection":[{"href":"https:\/\/tousmaussanais.fr\/index.php?rest_route=\/wp\/v2\/pages"}],"about":[{"href":"https:\/\/tousmaussanais.fr\/index.php?rest_route=\/wp\/v2\/types\/page"}],"author":[{"embeddable":true,"href":"https:\/\/tousmaussanais.fr\/index.php?rest_route=\/wp\/v2\/users\/1"}],"replies":[{"embeddable":true,"href":"https:\/\/tousmaussanais.fr\/index.php?rest_route=%2Fwp%2Fv2%2Fcomments&post=240"}],"version-history":[{"count":7,"href":"https:\/\/tousmaussanais.fr\/index.php?rest_route=\/wp\/v2\/pages\/240\/revisions"}],"predecessor-version":[{"id":1058,"href":"https:\/\/tousmaussanais.fr\/index.php?rest_route=\/wp\/v2\/pages\/240\/revisions\/1058"}],"wp:attachment":[{"href":"https:\/\/tousmaussanais.fr\/index.php?rest_route=%2Fwp%2Fv2%2Fmedia&parent=240"}],"curies":[{"name":"wp","href":"https:\/\/api.w.org\/{rel}","templated":true}]}}

<div class="wp-block-media-text alignwide"><figure class="wp-block-media-text__media"><img loading="lazy" width="820" height="1024" src="http://tousmaussanais.fr/wp-content/uploads/2020/01/claire-820x1024.jpg" alt="" class="wp-image-128" srcset="https://tousmaussanais.fr/wp-content/uploads/2020/01/claire-820x1024.jpg 820w, https://tousmaussanais.fr/wp-content/uploads/2020/01/claire-240x300.jpg 240w, https://tousmaussanais.fr/wp-content/uploads/2020/01/claire-1281x1600.jpg 1281w, https://tousmaussanais.fr/wp-content/uploads/2020/01/claire-768x960.jpg 768w, https://tousmaussanais.fr/wp-content/uploads/2020/01/claire-1229x1536.jpg 1229w, https://tousmaussanais.fr/wp-content/uploads/2020/01/claire-1639x2048.jpg 1639w, https://tousmaussanais.fr/wp-content/uploads/2020/01/claire.jpg 1772w" sizes="(max-width: 820px) 100vw, 820px" /></figure><div class="wp-block-media-text__content">
<h3>Claire Arsac, Maussanaise</h3>



<p class="has-small-font-size">43 ans, une fille de 12 ans.</p>



<p><strong>Très attachée à mon village , je me mettrai au service des habitants, les écoutant pour répondre à leurs attentes, et partageant mes expériences de voyages, culturelles et de loisirs, pour donner un nouveau souffle à l’attractivité de Maussane&#8230;<br></strong></p>
</div></div>

<p>Claire Arsac, Maussanaise 43 ans, une fille de 12 ans. Très attachée à mon village , je me mettrai au service des habitants, les écoutant pour répondre à leurs attentes, et partageant mes expériences de voyages, culturelles et de loisirs, pour donner un nouveau souffle à l’attractivité de Maussane&#8230;</p>
