{"id":236,"date":"2020-01-20T17:30:23","date_gmt":"2020-01-20T16:30:23","guid":{"rendered":"http:\/\/tousmaussanais.fr\/?page_id=236"},"modified":"2020-02-03T10:55:10","modified_gmt":"2020-02-03T09:55:10","slug":"gislaine-coudert","status":"publish","type":"page","link":"https:\/\/tousmaussanais.fr\/?page_id=236","title":{"rendered":"Gislaine Coudert"},"content":{"rendered":"\n<div class=\"wp-block-media-text alignwide\"><figure class=\"wp-block-media-text__media\"><img loading=\"lazy\" width=\"819\" height=\"1024\" src=\"http:\/\/tousmaussanais.fr\/wp-content\/uploads\/2020\/01\/ghislaine-819x1024.jpg\" alt=\"\" class=\"wp-image-46\" srcset=\"https:\/\/tousmaussanais.fr\/wp-content\/uploads\/2020\/01\/ghislaine-819x1024.jpg 819w, https:\/\/tousmaussanais.fr\/wp-content\/uploads\/2020\/01\/ghislaine-240x300.jpg 240w, https:\/\/tousmaussanais.fr\/wp-content\/uploads\/2020\/01\/ghislaine-1280x1600.jpg 1280w, https:\/\/tousmaussanais.fr\/wp-content\/uploads\/2020\/01\/ghislaine-768x960.jpg 768w, https:\/\/tousmaussanais.fr\/wp-content\/uploads\/2020\/01\/ghislaine-1229x1536.jpg 1229w, https:\/\/tousmaussanais.fr\/wp-content\/uploads\/2020\/01\/ghislaine-1639x2048.jpg 1639w, https:\/\/tousmaussanais.fr\/wp-content\/uploads\/2020\/01\/ghislaine-scaled.jpg 2048w\" sizes=\"(max-width: 819px) 100vw, 819px\" \/><\/figure><div class=\"wp-block-media-text__content\">\n<h3>Gislaine Coudert, Maussanaise<\/h3>\n\n\n\n<p class=\"has-small-font-size\">Mari\u00e9e, un fils, deux petits enfants<\/p>\n\n\n\n<p>Parcours professionnel :<br>Les trois-quarts de ma carri\u00e8re ont \u00e9t\u00e9 exerc\u00e9s dans le priv\u00e9 et notamment dans le domaine du \u00ab\u00a0b\u00e2timent\u00a0\u00bb.<br>\u2022 Secr\u00e9taire service facturation sur plusieurs agences et int\u00e9rim en service RH, <br>\u2022 Commerciale en menuiserie,  gestionnaire d\u2019\u00e9quipes de poseurs et bin\u00f4mes de commerciaux. <br>Ma d\u00e9termination dans le travail, la rel\u00e8ve de d\u00e9fis, les challenges et les r\u00e9alisations complexes sont parmi  mes qualit\u00e9s, comme la qualit\u00e9 des \u00e9changes client\u00e8le\u00a0\u00bb..<br>Depuis quelques ann\u00e9es, je suis fonctionnaire territoriale dans le monde de la Culture, au Secr\u00e9tariat G\u00e9n\u00e9ral du Museon Arlaten \u00e0 Arles.\u00a0<\/p>\n\n\n\n<p><strong>Mes comp\u00e9tences, je veux les mettre au service de Maussane-les-Alpilles comme je le fais d\u00e9j\u00e0 aupr\u00e8s de Marie -Pierre Callet depuis 5 ans.<\/strong><br><strong>L\u2019\u00e9coute, le sens de la communication et de la collaboration, des responsabilit\u00e9s, le dynamisme et la r\u00e9activit\u00e9.<\/strong><\/p>\n<\/div><\/div>\n","protected":false},"excerpt":{"rendered":"<p>Gislaine Coudert, Maussanaise Mari\u00e9e, un fils, deux petits enfants Parcours professionnel :Les trois-quarts de ma carri\u00e8re ont \u00e9t\u00e9 exerc\u00e9s dans le priv\u00e9 et notamment dans le domaine du \u00ab\u00a0b\u00e2timent\u00a0\u00bb.\u2022 Secr\u00e9taire service facturation sur plusieurs agences et int\u00e9rim en service RH, \u2022 Commerciale en menuiserie, gestionnaire d\u2019\u00e9quipes de poseurs et bin\u00f4mes de commerciaux. Ma d\u00e9termination dans [&hellip;]<\/p>\n","protected":false},"author":1,"featured_media":0,"parent":0,"menu_order":0,"comment_status":"closed","ping_status":"closed","template":"","meta":[],"_links":{"self":[{"href":"https:\/\/tousmaussanais.fr\/index.php?rest_route=\/wp\/v2\/pages\/236"}],"collection":[{"href":"https:\/\/tousmaussanais.fr\/index.php?rest_route=\/wp\/v2\/pages"}],"about":[{"href":"https:\/\/tousmaussanais.fr\/index.php?rest_route=\/wp\/v2\/types\/page"}],"author":[{"embeddable":true,"href":"https:\/\/tousmaussanais.fr\/index.php?rest_route=\/wp\/v2\/users\/1"}],"replies":[{"embeddable":true,"href":"https:\/\/tousmaussanais.fr\/index.php?rest_route=%2Fwp%2Fv2%2Fcomments&post=236"}],"version-history":[{"count":9,"href":"https:\/\/tousmaussanais.fr\/index.php?rest_route=\/wp\/v2\/pages\/236\/revisions"}],"predecessor-version":[{"id":722,"href":"https:\/\/tousmaussanais.fr\/index.php?rest_route=\/wp\/v2\/pages\/236\/revisions\/722"}],"wp:attachment":[{"href":"https:\/\/tousmaussanais.fr\/index.php?rest_route=%2Fwp%2Fv2%2Fmedia&parent=236"}],"curies":[{"name":"wp","href":"https:\/\/api.w.org\/{rel}","templated":true}]}}

<div class="wp-block-media-text alignwide"><figure class="wp-block-media-text__media"><img loading="lazy" width="819" height="1024" src="http://tousmaussanais.fr/wp-content/uploads/2020/01/ghislaine-819x1024.jpg" alt="" class="wp-image-46" srcset="https://tousmaussanais.fr/wp-content/uploads/2020/01/ghislaine-819x1024.jpg 819w, https://tousmaussanais.fr/wp-content/uploads/2020/01/ghislaine-240x300.jpg 240w, https://tousmaussanais.fr/wp-content/uploads/2020/01/ghislaine-1280x1600.jpg 1280w, https://tousmaussanais.fr/wp-content/uploads/2020/01/ghislaine-768x960.jpg 768w, https://tousmaussanais.fr/wp-content/uploads/2020/01/ghislaine-1229x1536.jpg 1229w, https://tousmaussanais.fr/wp-content/uploads/2020/01/ghislaine-1639x2048.jpg 1639w, https://tousmaussanais.fr/wp-content/uploads/2020/01/ghislaine-scaled.jpg 2048w" sizes="(max-width: 819px) 100vw, 819px" /></figure><div class="wp-block-media-text__content">
<h3>Gislaine Coudert, Maussanaise</h3>



<p class="has-small-font-size">Mariée, un fils, deux petits enfants</p>



<p>Parcours professionnel :<br>Les trois-quarts de ma carrière ont été exercés dans le privé et notamment dans le domaine du « bâtiment ».<br>• Secrétaire service facturation sur plusieurs agences et intérim en service RH, <br>• Commerciale en menuiserie,  gestionnaire d’équipes de poseurs et binômes de commerciaux. <br>Ma détermination dans le travail, la relève de défis, les challenges et les réalisations complexes sont parmi  mes qualités, comme la qualité des échanges clientèle »..<br>Depuis quelques années, je suis fonctionnaire territoriale dans le monde de la Culture, au Secrétariat Général du Museon Arlaten à Arles. </p>



<p><strong>Mes compétences, je veux les mettre au service de Maussane-les-Alpilles comme je le fais déjà auprès de Marie -Pierre Callet depuis 5 ans.</strong><br><strong>L’écoute, le sens de la communication et de la collaboration, des responsabilités, le dynamisme et la réactivité.</strong></p>
</div></div>

<p>Gislaine Coudert, Maussanaise Mariée, un fils, deux petits enfants Parcours professionnel :Les trois-quarts de ma carrière ont été exercés dans le privé et notamment dans le domaine du « bâtiment ».• Secrétaire service facturation sur plusieurs agences et intérim en service RH, • Commerciale en menuiserie, gestionnaire d’équipes de poseurs et binômes de commerciaux. Ma détermination dans [&hellip;]</p>
