{"id":232,"date":"2020-01-20T17:29:42","date_gmt":"2020-01-20T16:29:42","guid":{"rendered":"http:\/\/tousmaussanais.fr\/?page_id=232"},"modified":"2020-01-23T11:45:35","modified_gmt":"2020-01-23T10:45:35","slug":"philippe-bouchez","status":"publish","type":"page","link":"https:\/\/tousmaussanais.fr\/?page_id=232","title":{"rendered":"Philippe Bouchez"},"content":{"rendered":"\n<div class=\"wp-block-media-text alignwide\"><figure class=\"wp-block-media-text__media\"><img loading=\"lazy\" width=\"819\" height=\"1024\" src=\"http:\/\/tousmaussanais.fr\/wp-content\/uploads\/2020\/01\/philippe-819x1024.jpg\" alt=\"\" class=\"wp-image-139\" srcset=\"https:\/\/tousmaussanais.fr\/wp-content\/uploads\/2020\/01\/philippe-819x1024.jpg 819w, https:\/\/tousmaussanais.fr\/wp-content\/uploads\/2020\/01\/philippe-240x300.jpg 240w, https:\/\/tousmaussanais.fr\/wp-content\/uploads\/2020\/01\/philippe-1280x1600.jpg 1280w, https:\/\/tousmaussanais.fr\/wp-content\/uploads\/2020\/01\/philippe-768x960.jpg 768w, https:\/\/tousmaussanais.fr\/wp-content\/uploads\/2020\/01\/philippe-1229x1536.jpg 1229w, https:\/\/tousmaussanais.fr\/wp-content\/uploads\/2020\/01\/philippe-1639x2048.jpg 1639w, https:\/\/tousmaussanais.fr\/wp-content\/uploads\/2020\/01\/philippe-scaled.jpg 2048w\" sizes=\"(max-width: 819px) 100vw, 819px\" \/><\/figure><div class=\"wp-block-media-text__content\">\n<h3>Philippe Bouchez, Maussanais<\/h3>\n\n\n\n<p class=\"has-small-font-size\">67 ans, P\u00e8re de 2 enfants.<\/p>\n\n\n\n<p>Retrait\u00e9 actif depuis le 1er janvier 2020, apr\u00e8s une carri\u00e8re commerciale bien remplie au sein de diverses soci\u00e9t\u00e9s nationales et internationales, j&rsquo;ai cr\u00e9\u00e9 ma propre structure en 1999 et men\u00e9 ma carri\u00e8re jusqu&rsquo;\u00e0 la fin 2019.<br>Passionn\u00e9 de sport, je pratique assidument le tennis, le VTT, le jogging, la marche.<br>Membre du bureau du tennis, puis du club taurin, b\u00e9n\u00e9vole \u00e0 cette formidable f\u00eate du cheval de Maussane, la vie du village m\u2019a toujours int\u00e9ress\u00e9. <\/p>\n\n\n\n<p><strong>Aujourd&rsquo;hui, ma toute jeune retraite me permet de me consacrer enti\u00e8rement \u00e0 mon village de c\u0153ur, au sein d\u2019une \u00e9quipe motiv\u00e9e, soud\u00e9e derri\u00e8re les valeurs de Marie-Pierre Callet, qui mettra tout en \u0153uvre pour le bien du village et de chaque maussanais.<\/strong><\/p>\n<\/div><\/div>\n","protected":false},"excerpt":{"rendered":"<p>Philippe Bouchez, Maussanais 67 ans, P\u00e8re de 2 enfants. Retrait\u00e9 actif depuis le 1er janvier 2020, apr\u00e8s une carri\u00e8re commerciale bien remplie au sein de diverses soci\u00e9t\u00e9s nationales et internationales, j&rsquo;ai cr\u00e9\u00e9 ma propre structure en 1999 et men\u00e9 ma carri\u00e8re jusqu&rsquo;\u00e0 la fin 2019.Passionn\u00e9 de sport, je pratique assidument le tennis, le VTT, le [&hellip;]<\/p>\n","protected":false},"author":1,"featured_media":0,"parent":0,"menu_order":0,"comment_status":"closed","ping_status":"closed","template":"","meta":[],"_links":{"self":[{"href":"https:\/\/tousmaussanais.fr\/index.php?rest_route=\/wp\/v2\/pages\/232"}],"collection":[{"href":"https:\/\/tousmaussanais.fr\/index.php?rest_route=\/wp\/v2\/pages"}],"about":[{"href":"https:\/\/tousmaussanais.fr\/index.php?rest_route=\/wp\/v2\/types\/page"}],"author":[{"embeddable":true,"href":"https:\/\/tousmaussanais.fr\/index.php?rest_route=\/wp\/v2\/users\/1"}],"replies":[{"embeddable":true,"href":"https:\/\/tousmaussanais.fr\/index.php?rest_route=%2Fwp%2Fv2%2Fcomments&post=232"}],"version-history":[{"count":6,"href":"https:\/\/tousmaussanais.fr\/index.php?rest_route=\/wp\/v2\/pages\/232\/revisions"}],"predecessor-version":[{"id":551,"href":"https:\/\/tousmaussanais.fr\/index.php?rest_route=\/wp\/v2\/pages\/232\/revisions\/551"}],"wp:attachment":[{"href":"https:\/\/tousmaussanais.fr\/index.php?rest_route=%2Fwp%2Fv2%2Fmedia&parent=232"}],"curies":[{"name":"wp","href":"https:\/\/api.w.org\/{rel}","templated":true}]}}

<div class="wp-block-media-text alignwide"><figure class="wp-block-media-text__media"><img loading="lazy" width="819" height="1024" src="http://tousmaussanais.fr/wp-content/uploads/2020/01/philippe-819x1024.jpg" alt="" class="wp-image-139" srcset="https://tousmaussanais.fr/wp-content/uploads/2020/01/philippe-819x1024.jpg 819w, https://tousmaussanais.fr/wp-content/uploads/2020/01/philippe-240x300.jpg 240w, https://tousmaussanais.fr/wp-content/uploads/2020/01/philippe-1280x1600.jpg 1280w, https://tousmaussanais.fr/wp-content/uploads/2020/01/philippe-768x960.jpg 768w, https://tousmaussanais.fr/wp-content/uploads/2020/01/philippe-1229x1536.jpg 1229w, https://tousmaussanais.fr/wp-content/uploads/2020/01/philippe-1639x2048.jpg 1639w, https://tousmaussanais.fr/wp-content/uploads/2020/01/philippe-scaled.jpg 2048w" sizes="(max-width: 819px) 100vw, 819px" /></figure><div class="wp-block-media-text__content">
<h3>Philippe Bouchez, Maussanais</h3>



<p class="has-small-font-size">67 ans, Père de 2 enfants.</p>



<p>Retraité actif depuis le 1er janvier 2020, après une carrière commerciale bien remplie au sein de diverses sociétés nationales et internationales, j&rsquo;ai créé ma propre structure en 1999 et mené ma carrière jusqu&rsquo;à la fin 2019.<br>Passionné de sport, je pratique assidument le tennis, le VTT, le jogging, la marche.<br>Membre du bureau du tennis, puis du club taurin, bénévole à cette formidable fête du cheval de Maussane, la vie du village m’a toujours intéressé. </p>



<p><strong>Aujourd&rsquo;hui, ma toute jeune retraite me permet de me consacrer entièrement à mon village de cœur, au sein d’une équipe motivée, soudée derrière les valeurs de Marie-Pierre Callet, qui mettra tout en œuvre pour le bien du village et de chaque maussanais.</strong></p>
</div></div>

<p>Philippe Bouchez, Maussanais 67 ans, Père de 2 enfants. Retraité actif depuis le 1er janvier 2020, après une carrière commerciale bien remplie au sein de diverses sociétés nationales et internationales, j&rsquo;ai créé ma propre structure en 1999 et mené ma carrière jusqu&rsquo;à la fin 2019.Passionné de sport, je pratique assidument le tennis, le VTT, le [&hellip;]</p>
