{"id":230,"date":"2020-01-20T17:29:20","date_gmt":"2020-01-20T16:29:20","guid":{"rendered":"http:\/\/tousmaussanais.fr\/?page_id=230"},"modified":"2020-01-26T18:12:15","modified_gmt":"2020-01-26T17:12:15","slug":"sonia-cavagna","status":"publish","type":"page","link":"https:\/\/tousmaussanais.fr\/?page_id=230","title":{"rendered":"Sonia Cavagna"},"content":{"rendered":"\n<div class=\"wp-block-media-text alignwide\"><figure class=\"wp-block-media-text__media\"><img loading=\"lazy\" width=\"819\" height=\"1024\" src=\"http:\/\/tousmaussanais.fr\/wp-content\/uploads\/2020\/01\/sonia-OK-819x1024.jpg\" alt=\"\" class=\"wp-image-144\" srcset=\"https:\/\/tousmaussanais.fr\/wp-content\/uploads\/2020\/01\/sonia-OK-819x1024.jpg 819w, https:\/\/tousmaussanais.fr\/wp-content\/uploads\/2020\/01\/sonia-OK-240x300.jpg 240w, https:\/\/tousmaussanais.fr\/wp-content\/uploads\/2020\/01\/sonia-OK-1280x1600.jpg 1280w, https:\/\/tousmaussanais.fr\/wp-content\/uploads\/2020\/01\/sonia-OK-768x960.jpg 768w, https:\/\/tousmaussanais.fr\/wp-content\/uploads\/2020\/01\/sonia-OK-1229x1536.jpg 1229w, https:\/\/tousmaussanais.fr\/wp-content\/uploads\/2020\/01\/sonia-OK-1638x2048.jpg 1638w, https:\/\/tousmaussanais.fr\/wp-content\/uploads\/2020\/01\/sonia-OK.jpg 1772w\" sizes=\"(max-width: 819px) 100vw, 819px\" \/><\/figure><div class=\"wp-block-media-text__content\">\n<h3>Sonia Cavagna, Maussanaise<\/h3>\n\n\n\n<p class=\"has-small-font-size\">Mari\u00e9e, 3 enfants<\/p>\n\n\n\n<p>Dans ma vie professionnelle, j\u2019ai eu la chance d\u2019avoir un parcours riche et vari\u00e9.\u00a0J\u2019ai d\u2019abord pass\u00e9 une Ma\u00eetrise et exerc\u00e9 pendant 10 ans comme optom\u00e9triste. Puis j\u2019ai pass\u00e9 un CAP petite enfance pour \u00eatre assistante maternelle. Ensuite, j\u2019ai fait une formation d\u2019architecte d\u2019int\u00e9rieur et ai \u00e9t\u00e9 ma\u00eetre d\u2019\u0153uvre dans le b\u00e2timent durant plusieurs ann\u00e9es. Aujourd\u2019hui, je poss\u00e8de mon atelier \u00e0 Maussane.\u00a0<\/p>\n\n\n\n<p>Je&nbsp;transmets le savoir-faire appris avec mon grand-p\u00e8re,&nbsp;propose des stages et formations en d\u00e9coration de mobilier, et des peintures et produits de d\u00e9coration naturels.<\/p>\n\n\n\n<p>A c\u00f4t\u00e9, j\u2019ai toujours aim\u00e9 cr\u00e9er, partager et particuli\u00e8rement avec les enfants : J\u2019ai \u00e9t\u00e9 animatrice de colonies de vacances (BAFA) , ai anim\u00e9 des ateliers p\u00e9riscolaires, ai cr\u00e9\u00e9 et anim\u00e9 une association de th\u00e9\u00e2tre pour enfants\u2026<\/p>\n\n\n\n<p><\/p>\n\n\n\n<p><strong>Aujourd\u2019hui,&nbsp;j\u2019ai choisi de m\u2019engager&nbsp;aux c\u00f4t\u00e9s d\u2019une personne profond\u00e9ment humaine, ouverte et dynamique: Marie Pierre&nbsp;Callet, pour construire ensemble un village o\u00f9 chacun soit \u00e9cout\u00e9 et consid\u00e9r\u00e9.&nbsp;Je&nbsp;souhaite donner de mon temps et m\u2019impliquer dans la vie de&nbsp;Maussane-les-Alpilles, tout particuli\u00e8rement pour nos enfants qui sont l\u2019avenir de notre beau village .<\/strong><\/p>\n<\/div><\/div>\n","protected":false},"excerpt":{"rendered":"<p>Sonia Cavagna, Maussanaise Mari\u00e9e, 3 enfants Dans ma vie professionnelle, j\u2019ai eu la chance d\u2019avoir un parcours riche et vari\u00e9.\u00a0J\u2019ai d\u2019abord pass\u00e9 une Ma\u00eetrise et exerc\u00e9 pendant 10 ans comme optom\u00e9triste. Puis j\u2019ai pass\u00e9 un CAP petite enfance pour \u00eatre assistante maternelle. Ensuite, j\u2019ai fait une formation d\u2019architecte d\u2019int\u00e9rieur et ai \u00e9t\u00e9 ma\u00eetre d\u2019\u0153uvre dans [&hellip;]<\/p>\n","protected":false},"author":1,"featured_media":0,"parent":0,"menu_order":0,"comment_status":"closed","ping_status":"closed","template":"","meta":[],"_links":{"self":[{"href":"https:\/\/tousmaussanais.fr\/index.php?rest_route=\/wp\/v2\/pages\/230"}],"collection":[{"href":"https:\/\/tousmaussanais.fr\/index.php?rest_route=\/wp\/v2\/pages"}],"about":[{"href":"https:\/\/tousmaussanais.fr\/index.php?rest_route=\/wp\/v2\/types\/page"}],"author":[{"embeddable":true,"href":"https:\/\/tousmaussanais.fr\/index.php?rest_route=\/wp\/v2\/users\/1"}],"replies":[{"embeddable":true,"href":"https:\/\/tousmaussanais.fr\/index.php?rest_route=%2Fwp%2Fv2%2Fcomments&post=230"}],"version-history":[{"count":6,"href":"https:\/\/tousmaussanais.fr\/index.php?rest_route=\/wp\/v2\/pages\/230\/revisions"}],"predecessor-version":[{"id":631,"href":"https:\/\/tousmaussanais.fr\/index.php?rest_route=\/wp\/v2\/pages\/230\/revisions\/631"}],"wp:attachment":[{"href":"https:\/\/tousmaussanais.fr\/index.php?rest_route=%2Fwp%2Fv2%2Fmedia&parent=230"}],"curies":[{"name":"wp","href":"https:\/\/api.w.org\/{rel}","templated":true}]}}

<div class="wp-block-media-text alignwide"><figure class="wp-block-media-text__media"><img loading="lazy" width="819" height="1024" src="http://tousmaussanais.fr/wp-content/uploads/2020/01/sonia-OK-819x1024.jpg" alt="" class="wp-image-144" srcset="https://tousmaussanais.fr/wp-content/uploads/2020/01/sonia-OK-819x1024.jpg 819w, https://tousmaussanais.fr/wp-content/uploads/2020/01/sonia-OK-240x300.jpg 240w, https://tousmaussanais.fr/wp-content/uploads/2020/01/sonia-OK-1280x1600.jpg 1280w, https://tousmaussanais.fr/wp-content/uploads/2020/01/sonia-OK-768x960.jpg 768w, https://tousmaussanais.fr/wp-content/uploads/2020/01/sonia-OK-1229x1536.jpg 1229w, https://tousmaussanais.fr/wp-content/uploads/2020/01/sonia-OK-1638x2048.jpg 1638w, https://tousmaussanais.fr/wp-content/uploads/2020/01/sonia-OK.jpg 1772w" sizes="(max-width: 819px) 100vw, 819px" /></figure><div class="wp-block-media-text__content">
<h3>Sonia Cavagna, Maussanaise</h3>



<p class="has-small-font-size">Mariée, 3 enfants</p>



<p>Dans ma vie professionnelle, j’ai eu la chance d’avoir un parcours riche et varié. J’ai d’abord passé une Maîtrise et exercé pendant 10 ans comme optométriste. Puis j’ai passé un CAP petite enfance pour être assistante maternelle. Ensuite, j’ai fait une formation d’architecte d’intérieur et ai été maître d’œuvre dans le bâtiment durant plusieurs années. Aujourd’hui, je possède mon atelier à Maussane. </p>



<p>Je&nbsp;transmets le savoir-faire appris avec mon grand-père,&nbsp;propose des stages et formations en décoration de mobilier, et des peintures et produits de décoration naturels.</p>



<p>A côté, j’ai toujours aimé créer, partager et particulièrement avec les enfants : J’ai été animatrice de colonies de vacances (BAFA) , ai animé des ateliers périscolaires, ai créé et animé une association de théâtre pour enfants…</p>



<p></p>



<p><strong>Aujourd’hui,&nbsp;j’ai choisi de m’engager&nbsp;aux côtés d’une personne profondément humaine, ouverte et dynamique: Marie Pierre&nbsp;Callet, pour construire ensemble un village où chacun soit écouté et considéré.&nbsp;Je&nbsp;souhaite donner de mon temps et m’impliquer dans la vie de&nbsp;Maussane-les-Alpilles, tout particulièrement pour nos enfants qui sont l’avenir de notre beau village .</strong></p>
</div></div>

<p>Sonia Cavagna, Maussanaise Mariée, 3 enfants Dans ma vie professionnelle, j’ai eu la chance d’avoir un parcours riche et varié. J’ai d’abord passé une Maîtrise et exercé pendant 10 ans comme optométriste. Puis j’ai passé un CAP petite enfance pour être assistante maternelle. Ensuite, j’ai fait une formation d’architecte d’intérieur et ai été maître d’œuvre dans [&hellip;]</p>
