{"id":228,"date":"2020-01-20T17:28:54","date_gmt":"2020-01-20T16:28:54","guid":{"rendered":"http:\/\/tousmaussanais.fr\/?page_id=228"},"modified":"2020-01-26T18:05:37","modified_gmt":"2020-01-26T17:05:37","slug":"nelly-guemalmazian","status":"publish","type":"page","link":"https:\/\/tousmaussanais.fr\/?page_id=228","title":{"rendered":"Nelly Guemalmazian"},"content":{"rendered":"\n<div class=\"wp-block-media-text alignwide\"><figure class=\"wp-block-media-text__media\"><img loading=\"lazy\" width=\"819\" height=\"1024\" src=\"http:\/\/tousmaussanais.fr\/wp-content\/uploads\/2020\/01\/nelly-2-819x1024.jpg\" alt=\"\" class=\"wp-image-149\" srcset=\"https:\/\/tousmaussanais.fr\/wp-content\/uploads\/2020\/01\/nelly-2-819x1024.jpg 819w, https:\/\/tousmaussanais.fr\/wp-content\/uploads\/2020\/01\/nelly-2-240x300.jpg 240w, https:\/\/tousmaussanais.fr\/wp-content\/uploads\/2020\/01\/nelly-2-1280x1600.jpg 1280w, https:\/\/tousmaussanais.fr\/wp-content\/uploads\/2020\/01\/nelly-2-768x960.jpg 768w, https:\/\/tousmaussanais.fr\/wp-content\/uploads\/2020\/01\/nelly-2-1229x1536.jpg 1229w, https:\/\/tousmaussanais.fr\/wp-content\/uploads\/2020\/01\/nelly-2-1638x2048.jpg 1638w, https:\/\/tousmaussanais.fr\/wp-content\/uploads\/2020\/01\/nelly-2-scaled.jpg 2048w\" sizes=\"(max-width: 819px) 100vw, 819px\" \/><\/figure><div class=\"wp-block-media-text__content\">\n<h3>Nelly Guemalmazian, Maussanaise<\/h3>\n\n\n\n<p class=\"has-small-font-size\">Maman d&rsquo;une grande fille<\/p>\n\n\n\n<p>J\u2019ai&nbsp;commenc\u00e9 ma vie professionnelle \u00e0 18 ans et men\u00e9 une carri\u00e8re administrative dans les domaines du secr\u00e9tariat, de la comptabilit\u00e9, du conseil juridique\u2026 J\u2019ai eu un coup de foudre en 1982 pour le village de Maussane les Alpilles. Install\u00e9e ici depuis 1993, j\u2019ai fait le choix d\u2019abandonner \u00ab ma vie d\u2019avant \u00bb&nbsp;pour une vie plus sereine. <br>Choisie pour animer&nbsp;le Syndicat d\u2019Initiative,&nbsp;j\u2019ai travaill\u00e9 \u00e0 la valorisation touristique de mon village. Mon investissement pour ses commer\u00e7ants, artisans, restaurateurs, h\u00f4teliers, s\u2019est concr\u00e9tis\u00e9 dans des outils de communication pour le d\u00e9veloppement du tourisme et des relations avec les autres communes des Alpilles,&nbsp;et au classement du Syndicat d\u2019initiative en \u00ab\u00a0Office de Tourisme \u00e9toil\u00e9\u00a0\u00bb.<br>Depuis 2010, je travaille dans un h\u00f4tel des Baux de Provence au Service Ressources Humaines.<\/p>\n\n\n\n<p><strong class=\"\">Au sein de l\u2019\u00e9quipe  \u00ab\u00a0Tous Maussanais\u00a0\u00bb je m\u2019engage a favoriser le respect de l\u2019environnement, tr\u00e8s attach\u00e9e que je suis \u00e0 la qualit\u00e9 de vie exceptionnelle de Maussane-les-Alpilles<\/strong>.<\/p>\n<\/div><\/div>\n","protected":false},"excerpt":{"rendered":"<p>Nelly Guemalmazian, Maussanaise Maman d&rsquo;une grande fille J\u2019ai&nbsp;commenc\u00e9 ma vie professionnelle \u00e0 18 ans et men\u00e9 une carri\u00e8re administrative dans les domaines du secr\u00e9tariat, de la comptabilit\u00e9, du conseil juridique\u2026 J\u2019ai eu un coup de foudre en 1982 pour le village de Maussane les Alpilles. Install\u00e9e ici depuis 1993, j\u2019ai fait le choix d\u2019abandonner \u00ab [&hellip;]<\/p>\n","protected":false},"author":1,"featured_media":0,"parent":0,"menu_order":0,"comment_status":"closed","ping_status":"closed","template":"","meta":[],"_links":{"self":[{"href":"https:\/\/tousmaussanais.fr\/index.php?rest_route=\/wp\/v2\/pages\/228"}],"collection":[{"href":"https:\/\/tousmaussanais.fr\/index.php?rest_route=\/wp\/v2\/pages"}],"about":[{"href":"https:\/\/tousmaussanais.fr\/index.php?rest_route=\/wp\/v2\/types\/page"}],"author":[{"embeddable":true,"href":"https:\/\/tousmaussanais.fr\/index.php?rest_route=\/wp\/v2\/users\/1"}],"replies":[{"embeddable":true,"href":"https:\/\/tousmaussanais.fr\/index.php?rest_route=%2Fwp%2Fv2%2Fcomments&post=228"}],"version-history":[{"count":9,"href":"https:\/\/tousmaussanais.fr\/index.php?rest_route=\/wp\/v2\/pages\/228\/revisions"}],"predecessor-version":[{"id":628,"href":"https:\/\/tousmaussanais.fr\/index.php?rest_route=\/wp\/v2\/pages\/228\/revisions\/628"}],"wp:attachment":[{"href":"https:\/\/tousmaussanais.fr\/index.php?rest_route=%2Fwp%2Fv2%2Fmedia&parent=228"}],"curies":[{"name":"wp","href":"https:\/\/api.w.org\/{rel}","templated":true}]}}

<div class="wp-block-media-text alignwide"><figure class="wp-block-media-text__media"><img loading="lazy" width="819" height="1024" src="http://tousmaussanais.fr/wp-content/uploads/2020/01/nelly-2-819x1024.jpg" alt="" class="wp-image-149" srcset="https://tousmaussanais.fr/wp-content/uploads/2020/01/nelly-2-819x1024.jpg 819w, https://tousmaussanais.fr/wp-content/uploads/2020/01/nelly-2-240x300.jpg 240w, https://tousmaussanais.fr/wp-content/uploads/2020/01/nelly-2-1280x1600.jpg 1280w, https://tousmaussanais.fr/wp-content/uploads/2020/01/nelly-2-768x960.jpg 768w, https://tousmaussanais.fr/wp-content/uploads/2020/01/nelly-2-1229x1536.jpg 1229w, https://tousmaussanais.fr/wp-content/uploads/2020/01/nelly-2-1638x2048.jpg 1638w, https://tousmaussanais.fr/wp-content/uploads/2020/01/nelly-2-scaled.jpg 2048w" sizes="(max-width: 819px) 100vw, 819px" /></figure><div class="wp-block-media-text__content">
<h3>Nelly Guemalmazian, Maussanaise</h3>



<p class="has-small-font-size">Maman d&rsquo;une grande fille</p>



<p>J’ai&nbsp;commencé ma vie professionnelle à 18 ans et mené une carrière administrative dans les domaines du secrétariat, de la comptabilité, du conseil juridique… J’ai eu un coup de foudre en 1982 pour le village de Maussane les Alpilles. Installée ici depuis 1993, j’ai fait le choix d’abandonner « ma vie d’avant »&nbsp;pour une vie plus sereine. <br>Choisie pour animer&nbsp;le Syndicat d’Initiative,&nbsp;j’ai travaillé à la valorisation touristique de mon village. Mon investissement pour ses commerçants, artisans, restaurateurs, hôteliers, s’est concrétisé dans des outils de communication pour le développement du tourisme et des relations avec les autres communes des Alpilles,&nbsp;et au classement du Syndicat d’initiative en « Office de Tourisme étoilé ».<br>Depuis 2010, je travaille dans un hôtel des Baux de Provence au Service Ressources Humaines.</p>



<p><strong class="">Au sein de l’équipe  « Tous Maussanais » je m’engage a favoriser le respect de l’environnement, très attachée que je suis à la qualité de vie exceptionnelle de Maussane-les-Alpilles</strong>.</p>
</div></div>

<p>Nelly Guemalmazian, Maussanaise Maman d&rsquo;une grande fille J’ai&nbsp;commencé ma vie professionnelle à 18 ans et mené une carrière administrative dans les domaines du secrétariat, de la comptabilité, du conseil juridique… J’ai eu un coup de foudre en 1982 pour le village de Maussane les Alpilles. Installée ici depuis 1993, j’ai fait le choix d’abandonner « [&hellip;]</p>
