{"id":225,"date":"2020-01-20T17:28:28","date_gmt":"2020-01-20T16:28:28","guid":{"rendered":"http:\/\/tousmaussanais.fr\/?page_id=225"},"modified":"2020-01-26T18:04:32","modified_gmt":"2020-01-26T17:04:32","slug":"michel-bacigalupi","status":"publish","type":"page","link":"https:\/\/tousmaussanais.fr\/?page_id=225","title":{"rendered":"Michel Bacigalupi"},"content":{"rendered":"\n<div class=\"wp-block-media-text alignwide\"><figure class=\"wp-block-media-text__media\"><img loading=\"lazy\" width=\"819\" height=\"1024\" src=\"http:\/\/tousmaussanais.fr\/wp-content\/uploads\/2020\/01\/michel-819x1024.jpg\" alt=\"\" class=\"wp-image-146\" srcset=\"https:\/\/tousmaussanais.fr\/wp-content\/uploads\/2020\/01\/michel-819x1024.jpg 819w, https:\/\/tousmaussanais.fr\/wp-content\/uploads\/2020\/01\/michel-240x300.jpg 240w, https:\/\/tousmaussanais.fr\/wp-content\/uploads\/2020\/01\/michel-1280x1600.jpg 1280w, https:\/\/tousmaussanais.fr\/wp-content\/uploads\/2020\/01\/michel-768x960.jpg 768w, https:\/\/tousmaussanais.fr\/wp-content\/uploads\/2020\/01\/michel-1229x1536.jpg 1229w, https:\/\/tousmaussanais.fr\/wp-content\/uploads\/2020\/01\/michel-1638x2048.jpg 1638w, https:\/\/tousmaussanais.fr\/wp-content\/uploads\/2020\/01\/michel-scaled.jpg 2048w\" sizes=\"(max-width: 819px) 100vw, 819px\" \/><\/figure><div class=\"wp-block-media-text__content\">\n<h3>Michel Bacigalupi, Maussanais<\/h3>\n\n\n\n<p class=\"has-small-font-size\">Mari\u00e9 et jeune retrait\u00e9.<\/p>\n\n\n\n<p>J\u2019ai dirig\u00e9 plusieurs \u00e9tablissements scolaires dont le coll\u00e8ge St Charles \u00e0 Arles et particip\u00e9 \u00e0 la cr\u00e9ation du lyc\u00e9e \u00e0 St Martin de Crau . Passionn\u00e9 d\u2019\u00e9ducation, je souhaite donner de mon temps pour am\u00e9liorer le d\u00e9veloppement et l\u2019\u00e9panouissement des enfants et des jeunes de notre village. Notre d\u00e9marche sera centr\u00e9e sur l\u2019\u00e9coute, le dialogue et la collaboration de toutes les parties prenantes de l\u2019\u00e9ducation.<br><br><\/p>\n\n\n\n<p><strong>Avec Marie Pierre Callet , notre \u00e9quipe ,sans engagement politique, vise uniquement l\u2019int\u00e9r\u00eat des habitants et de Maussane-les-Alpilles.&nbsp;<\/strong><\/p>\n<\/div><\/div>\n","protected":false},"excerpt":{"rendered":"<p>Michel Bacigalupi, Maussanais Mari\u00e9 et jeune retrait\u00e9. J\u2019ai dirig\u00e9 plusieurs \u00e9tablissements scolaires dont le coll\u00e8ge St Charles \u00e0 Arles et particip\u00e9 \u00e0 la cr\u00e9ation du lyc\u00e9e \u00e0 St Martin de Crau . Passionn\u00e9 d\u2019\u00e9ducation, je souhaite donner de mon temps pour am\u00e9liorer le d\u00e9veloppement et l\u2019\u00e9panouissement des enfants et des jeunes de notre village. Notre [&hellip;]<\/p>\n","protected":false},"author":1,"featured_media":0,"parent":0,"menu_order":0,"comment_status":"closed","ping_status":"closed","template":"","meta":[],"_links":{"self":[{"href":"https:\/\/tousmaussanais.fr\/index.php?rest_route=\/wp\/v2\/pages\/225"}],"collection":[{"href":"https:\/\/tousmaussanais.fr\/index.php?rest_route=\/wp\/v2\/pages"}],"about":[{"href":"https:\/\/tousmaussanais.fr\/index.php?rest_route=\/wp\/v2\/types\/page"}],"author":[{"embeddable":true,"href":"https:\/\/tousmaussanais.fr\/index.php?rest_route=\/wp\/v2\/users\/1"}],"replies":[{"embeddable":true,"href":"https:\/\/tousmaussanais.fr\/index.php?rest_route=%2Fwp%2Fv2%2Fcomments&post=225"}],"version-history":[{"count":7,"href":"https:\/\/tousmaussanais.fr\/index.php?rest_route=\/wp\/v2\/pages\/225\/revisions"}],"predecessor-version":[{"id":627,"href":"https:\/\/tousmaussanais.fr\/index.php?rest_route=\/wp\/v2\/pages\/225\/revisions\/627"}],"wp:attachment":[{"href":"https:\/\/tousmaussanais.fr\/index.php?rest_route=%2Fwp%2Fv2%2Fmedia&parent=225"}],"curies":[{"name":"wp","href":"https:\/\/api.w.org\/{rel}","templated":true}]}}

<div class="wp-block-media-text alignwide"><figure class="wp-block-media-text__media"><img loading="lazy" width="819" height="1024" src="http://tousmaussanais.fr/wp-content/uploads/2020/01/michel-819x1024.jpg" alt="" class="wp-image-146" srcset="https://tousmaussanais.fr/wp-content/uploads/2020/01/michel-819x1024.jpg 819w, https://tousmaussanais.fr/wp-content/uploads/2020/01/michel-240x300.jpg 240w, https://tousmaussanais.fr/wp-content/uploads/2020/01/michel-1280x1600.jpg 1280w, https://tousmaussanais.fr/wp-content/uploads/2020/01/michel-768x960.jpg 768w, https://tousmaussanais.fr/wp-content/uploads/2020/01/michel-1229x1536.jpg 1229w, https://tousmaussanais.fr/wp-content/uploads/2020/01/michel-1638x2048.jpg 1638w, https://tousmaussanais.fr/wp-content/uploads/2020/01/michel-scaled.jpg 2048w" sizes="(max-width: 819px) 100vw, 819px" /></figure><div class="wp-block-media-text__content">
<h3>Michel Bacigalupi, Maussanais</h3>



<p class="has-small-font-size">Marié et jeune retraité.</p>



<p>J’ai dirigé plusieurs établissements scolaires dont le collège St Charles à Arles et participé à la création du lycée à St Martin de Crau . Passionné d’éducation, je souhaite donner de mon temps pour améliorer le développement et l’épanouissement des enfants et des jeunes de notre village. Notre démarche sera centrée sur l’écoute, le dialogue et la collaboration de toutes les parties prenantes de l’éducation.<br><br></p>



<p><strong>Avec Marie Pierre Callet , notre équipe ,sans engagement politique, vise uniquement l’intérêt des habitants et de Maussane-les-Alpilles.&nbsp;</strong></p>
</div></div>

<p>Michel Bacigalupi, Maussanais Marié et jeune retraité. J’ai dirigé plusieurs établissements scolaires dont le collège St Charles à Arles et participé à la création du lycée à St Martin de Crau . Passionné d’éducation, je souhaite donner de mon temps pour améliorer le développement et l’épanouissement des enfants et des jeunes de notre village. Notre [&hellip;]</p>
