{"id":223,"date":"2020-01-20T17:28:06","date_gmt":"2020-01-20T16:28:06","guid":{"rendered":"http:\/\/tousmaussanais.fr\/?page_id=223"},"modified":"2020-02-05T15:26:15","modified_gmt":"2020-02-05T14:26:15","slug":"pierre-pages","status":"publish","type":"page","link":"https:\/\/tousmaussanais.fr\/?page_id=223","title":{"rendered":"Pierre Pages"},"content":{"rendered":"\n<div class=\"wp-block-media-text alignwide\"><figure class=\"wp-block-media-text__media\"><img loading=\"lazy\" width=\"819\" height=\"1024\" src=\"http:\/\/tousmaussanais.fr\/wp-content\/uploads\/2020\/01\/pierre-819x1024.jpg\" alt=\"\" class=\"wp-image-142\" srcset=\"https:\/\/tousmaussanais.fr\/wp-content\/uploads\/2020\/01\/pierre-819x1024.jpg 819w, https:\/\/tousmaussanais.fr\/wp-content\/uploads\/2020\/01\/pierre-240x300.jpg 240w, https:\/\/tousmaussanais.fr\/wp-content\/uploads\/2020\/01\/pierre-1280x1600.jpg 1280w, https:\/\/tousmaussanais.fr\/wp-content\/uploads\/2020\/01\/pierre-768x960.jpg 768w, https:\/\/tousmaussanais.fr\/wp-content\/uploads\/2020\/01\/pierre-1229x1536.jpg 1229w, https:\/\/tousmaussanais.fr\/wp-content\/uploads\/2020\/01\/pierre-1638x2048.jpg 1638w, https:\/\/tousmaussanais.fr\/wp-content\/uploads\/2020\/01\/pierre-scaled.jpg 2048w\" sizes=\"(max-width: 819px) 100vw, 819px\" \/><\/figure><div class=\"wp-block-media-text__content\">\n<h3>Pierre Pages, Maussanais<\/h3>\n\n\n\n<p class=\"has-small-font-size\">34 ans, mari\u00e9, un fils de 1 an et demi<\/p>\n\n\n\n<p>Diplom\u00e9 de la Facult\u00e9 de pharmacie de Montpellier, pharmacien depuis 2010, je suis \u00e0 la fois, par mon univers de m\u00e9tier et mes origines proven\u00e7ales, &nbsp;un passionn\u00e9 de nature.&nbsp;J\u2019adore aussi les sports de glisse (kite, ski), squash, et les voyages.<\/p>\n\n\n\n<p><strong>F\u00e9ru de r\u00e9novation de patrimoine et de b\u00e2timents historiques, je consacre du temps \u00e0 la construction et la restauration quand l\u2019occasion se pr\u00e9sente&#8230;&nbsp;<\/strong><\/p>\n<\/div><\/div>\n","protected":false},"excerpt":{"rendered":"<p>Pierre Pages, Maussanais 34 ans, mari\u00e9, un fils de 1 an et demi Diplom\u00e9 de la Facult\u00e9 de pharmacie de Montpellier, pharmacien depuis 2010, je suis \u00e0 la fois, par mon univers de m\u00e9tier et mes origines proven\u00e7ales, &nbsp;un passionn\u00e9 de nature.&nbsp;J\u2019adore aussi les sports de glisse (kite, ski), squash, et les voyages. F\u00e9ru de [&hellip;]<\/p>\n","protected":false},"author":1,"featured_media":0,"parent":0,"menu_order":0,"comment_status":"closed","ping_status":"closed","template":"","meta":[],"_links":{"self":[{"href":"https:\/\/tousmaussanais.fr\/index.php?rest_route=\/wp\/v2\/pages\/223"}],"collection":[{"href":"https:\/\/tousmaussanais.fr\/index.php?rest_route=\/wp\/v2\/pages"}],"about":[{"href":"https:\/\/tousmaussanais.fr\/index.php?rest_route=\/wp\/v2\/types\/page"}],"author":[{"embeddable":true,"href":"https:\/\/tousmaussanais.fr\/index.php?rest_route=\/wp\/v2\/users\/1"}],"replies":[{"embeddable":true,"href":"https:\/\/tousmaussanais.fr\/index.php?rest_route=%2Fwp%2Fv2%2Fcomments&post=223"}],"version-history":[{"count":6,"href":"https:\/\/tousmaussanais.fr\/index.php?rest_route=\/wp\/v2\/pages\/223\/revisions"}],"predecessor-version":[{"id":757,"href":"https:\/\/tousmaussanais.fr\/index.php?rest_route=\/wp\/v2\/pages\/223\/revisions\/757"}],"wp:attachment":[{"href":"https:\/\/tousmaussanais.fr\/index.php?rest_route=%2Fwp%2Fv2%2Fmedia&parent=223"}],"curies":[{"name":"wp","href":"https:\/\/api.w.org\/{rel}","templated":true}]}}