{"id":1090,"date":"2020-03-23T10:49:02","date_gmt":"2020-03-23T09:49:02","guid":{"rendered":"https:\/\/tousmaussanais.fr\/?page_id=1090"},"modified":"2020-05-04T09:31:44","modified_gmt":"2020-05-04T07:31:44","slug":"tous-concernes","status":"publish","type":"page","link":"https:\/\/tousmaussanais.fr\/?page_id=1090","title":{"rendered":"Tous concern\u00e9s&#8230;"},"content":{"rendered":"\n<figure class=\"wp-block-image size-large is-resized\"><img loading=\"lazy\" src=\"https:\/\/tousmaussanais.fr\/wp-content\/uploads\/2020\/03\/temps-retrouve\u0301-1420x1600.jpg\" alt=\"\" class=\"wp-image-1126\" width=\"305\" height=\"343\" srcset=\"https:\/\/tousmaussanais.fr\/wp-content\/uploads\/2020\/03\/temps-retrouve\u0301-1420x1600.jpg 1420w, https:\/\/tousmaussanais.fr\/wp-content\/uploads\/2020\/03\/temps-retrouve\u0301-533x600.jpg 533w, https:\/\/tousmaussanais.fr\/wp-content\/uploads\/2020\/03\/temps-retrouve\u0301-768x865.jpg 768w, https:\/\/tousmaussanais.fr\/wp-content\/uploads\/2020\/03\/temps-retrouve\u0301-1363x1536.jpg 1363w, https:\/\/tousmaussanais.fr\/wp-content\/uploads\/2020\/03\/temps-retrouve\u0301-1818x2048.jpg 1818w\" sizes=\"(max-width: 305px) 100vw, 305px\" \/><\/figure>\n\n\n\n<p><strong>Nos objectifs peuvent se r\u00e9sumer ainsi:<\/strong><\/p>\n\n\n\n<p>\u2022 <strong>Faire des projets r\u00e9alistes<\/strong> et conformes \u00e0 une bonne gestion des finances de la commune et par cons\u00e9quent, dans l\u2019esprit participatif  qui anime la campagne:<br> \u2022 <strong>Partager les choix d\u2019investissements avec les citoyens<\/strong><br>\u2022 <strong>Mettre en \u0153uvre une information r\u00e9guli\u00e8re et communication de proximit\u00e9 <\/strong>avec \u00e9changes, participative et ouverte <br>\u2022 <strong>Replacer la qualit\u00e9 de vie des maussanais au c\u0153ur des pr\u00e9occupations de l&rsquo;\u00e9quipe municipale<\/strong><br>\u2022 <strong>Penser s\u00e9curit\u00e9 et sant\u00e9<\/strong> <strong>pour tous<\/strong>( circulation, entretien voirie, parcs, contr\u00f4le des d\u00e9chets\u2026 )<br>\u2022 <strong>Am\u00e9liorer le confort de vie de toutes les g\u00e9n\u00e9rations<\/strong> ( \u00e9cole moderne, lieux d\u2019accueil pour les associations, points de rencontres jeunesse, maison du bel \u00e2ge, maison de la culture et des associations<br><strong> \u2022 Doter Maussane d\u2019\u00e9quipements sportifs et \u00e9ducatifs dignes de ce nom <\/strong><br> et int\u00e9grer l\u201dAgora \u00e0 cette reflexion <br>\u2022 <strong>Equilibrer le developpement du village<\/strong> pour que Maussane reste l\u2019exception des Alpillles, sur tous les plans : d\u00e9mographique, touristique, commercial, et <strong>ralentir l&rsquo;urbanisation galopante<\/strong><br>\u2022 <strong>Respecter l\u2019authenticit\u00e9 du village,<\/strong> cette forte identit\u00e9 d\u2019un village habit\u00e9 et anim\u00e9 toute l\u2019ann\u00e9e, gr\u00e2ce \u00e0 ses habitants, ses commer\u00e7ants, sa culture\u2026<br>\u2022 <strong>Imaginer des moments festifs culturels pour divers publics<\/strong> en utilisant adroitement les infrastructures du village et  des participations aux \u00e9v\u00e9nements locaux et r\u00e9gionaux\u2026<br>\u2022 <strong>Cr\u00e9er du lien <\/strong>entre tous les maussanais:  autochtones, nouveaux arrivants et visiteurs saisonniers, entre tous les b\u00e9n\u00e9voles ( associations dynamiques pr\u00e9sentes sur le terrain), entre toutes les activit\u00e9s professionnelles (services, agriculture, industrie)<br><strong>et entre Maussane et son territoire, les villages et villes des Alpilles pour travailler  dans une reflexion commune <\/strong> (une logique d\u2019aujourd\u2019hui en vue de la r\u00e9duction des co\u00fbts, du respect de l\u2019environnement., et de la qualit\u00e9 des projets\u2026) <\/p>\n","protected":false},"excerpt":{"rendered":"<p>Nos objectifs peuvent se r\u00e9sumer ainsi: \u2022 Faire des projets r\u00e9alistes et conformes \u00e0 une bonne gestion des finances de la commune et par cons\u00e9quent, dans l\u2019esprit participatif qui anime la campagne: \u2022 Partager les choix d\u2019investissements avec les citoyens\u2022 Mettre en \u0153uvre une information r\u00e9guli\u00e8re et communication de proximit\u00e9 avec \u00e9changes, participative et ouverte [&hellip;]<\/p>\n","protected":false},"author":1,"featured_media":0,"parent":0,"menu_order":0,"comment_status":"closed","ping_status":"closed","template":"","meta":[],"_links":{"self":[{"href":"https:\/\/tousmaussanais.fr\/index.php?rest_route=\/wp\/v2\/pages\/1090"}],"collection":[{"href":"https:\/\/tousmaussanais.fr\/index.php?rest_route=\/wp\/v2\/pages"}],"about":[{"href":"https:\/\/tousmaussanais.fr\/index.php?rest_route=\/wp\/v2\/types\/page"}],"author":[{"embeddable":true,"href":"https:\/\/tousmaussanais.fr\/index.php?rest_route=\/wp\/v2\/users\/1"}],"replies":[{"embeddable":true,"href":"https:\/\/tousmaussanais.fr\/index.php?rest_route=%2Fwp%2Fv2%2Fcomments&post=1090"}],"version-history":[{"count":8,"href":"https:\/\/tousmaussanais.fr\/index.php?rest_route=\/wp\/v2\/pages\/1090\/revisions"}],"predecessor-version":[{"id":1135,"href":"https:\/\/tousmaussanais.fr\/index.php?rest_route=\/wp\/v2\/pages\/1090\/revisions\/1135"}],"wp:attachment":[{"href":"https:\/\/tousmaussanais.fr\/index.php?rest_route=%2Fwp%2Fv2%2Fmedia&parent=1090"}],"curies":[{"name":"wp","href":"https:\/\/api.w.org\/{rel}","templated":true}]}}